Last updated on 2024-04-20 03:53:16 CEST.
Flavor | Version | Tinstall | Tcheck | Ttotal | Status | Flags |
---|---|---|---|---|---|---|
r-devel-linux-x86_64-debian-clang | 1.2.0 | 6.44 | 41.69 | 48.13 | NOTE | |
r-devel-linux-x86_64-debian-gcc | 1.2.0 | NOTE | ||||
r-devel-linux-x86_64-fedora-clang | 1.2.0 | 58.44 | NOTE | |||
r-devel-linux-x86_64-fedora-gcc | 1.2.0 | 54.84 | NOTE | |||
r-prerel-macos-arm64 | 1.2.0 | 20.00 | NOTE | |||
r-prerel-windows-x86_64 | 1.2.0 | 6.00 | 50.00 | 56.00 | NOTE | |
r-patched-linux-x86_64 | 1.2.0 | 6.12 | 39.61 | 45.73 | NOTE | |
r-release-linux-x86_64 | 1.2.0 | 5.29 | 39.71 | 45.00 | NOTE | |
r-release-macos-arm64 | 1.2.0 | 21.00 | NOTE | |||
r-release-macos-x86_64 | 1.2.0 | 28.00 | NOTE | |||
r-release-windows-x86_64 | 1.2.0 | 7.00 | 54.00 | 61.00 | NOTE | |
r-oldrel-macos-arm64 | 1.2.0 | 18.00 | NOTE | |||
r-oldrel-windows-x86_64 | 1.2.0 | 7.00 | 56.00 | 63.00 | NOTE |
Version: 1.2.0
Check: LazyData
Result: NOTE
'LazyData' is specified without a 'data' directory
Flavors: r-devel-linux-x86_64-debian-clang, r-devel-linux-x86_64-debian-gcc, r-devel-linux-x86_64-fedora-clang, r-devel-linux-x86_64-fedora-gcc, r-prerel-macos-arm64, r-prerel-windows-x86_64, r-patched-linux-x86_64, r-release-linux-x86_64, r-release-macos-arm64, r-release-macos-x86_64, r-release-windows-x86_64, r-oldrel-macos-arm64, r-oldrel-windows-x86_64