CRAN Package Check Results for Package rater

Last updated on 2022-05-24 06:50:50 CEST.

Flavor Version Tinstall Tcheck Ttotal Status Flags
r-devel-linux-x86_64-debian-clang 1.2.0 473.41 172.25 645.66 NOTE
r-devel-linux-x86_64-debian-gcc 1.2.0 415.19 144.87 560.06 NOTE
r-devel-linux-x86_64-fedora-clang 1.2.0 878.33 NOTE
r-devel-linux-x86_64-fedora-gcc 1.2.0 911.04 NOTE
r-devel-windows-x86_64 1.2.0 313.00 245.00 558.00 NOTE
r-patched-linux-x86_64 1.2.0 0.02 12.51 12.53 ERROR
r-release-linux-x86_64 1.2.0 NOTE
r-release-macos-arm64 1.2.0 220.00 NOTE
r-release-macos-x86_64 1.2.0 534.00 NOTE
r-release-windows-x86_64 1.2.0 309.00 245.00 554.00 NOTE
r-oldrel-macos-arm64 1.2.0 322.00 NOTE
r-oldrel-macos-x86_64 1.2.0 262.00 NOTE
r-oldrel-windows-ix86+x86_64 1.2.0 567.00 10.00 577.00 ERROR

Check Details

Version: 1.2.0
Check: for GNU extensions in Makefiles
Result: NOTE
    GNU make is a SystemRequirements.
Flavors: r-devel-linux-x86_64-debian-clang, r-devel-linux-x86_64-debian-gcc, r-devel-linux-x86_64-fedora-clang, r-devel-linux-x86_64-fedora-gcc, r-devel-windows-x86_64, r-release-linux-x86_64, r-release-macos-arm64, r-release-macos-x86_64, r-release-windows-x86_64, r-oldrel-macos-arm64, r-oldrel-macos-x86_64

Version: 1.2.0
Check: installed package size
Result: NOTE
     installed size is 51.2Mb
     sub-directories of 1Mb or more:
     libs 50.4Mb
Flavors: r-devel-linux-x86_64-fedora-clang, r-release-macos-arm64, r-release-macos-x86_64, r-oldrel-macos-arm64, r-oldrel-macos-x86_64

Version: 1.2.0
Check: whether package can be installed
Result: ERROR
    Installation failed.
Flavors: r-patched-linux-x86_64, r-oldrel-windows-ix86+x86_64