CRAN Package Check Results for Package rapiclient

Last updated on 2022-10-01 05:51:31 CEST.

Flavor Version Tinstall Tcheck Ttotal Status Flags
r-devel-linux-x86_64-debian-clang 0.1.3 3.22 27.97 31.19 NOTE
r-devel-linux-x86_64-debian-gcc 0.1.3 2.40 22.04 24.44 NOTE
r-devel-linux-x86_64-fedora-clang 0.1.3 50.51 NOTE
r-devel-linux-x86_64-fedora-gcc 0.1.3 47.35 NOTE
r-devel-windows-x86_64 0.1.3 25.00 65.00 90.00 NOTE
r-patched-linux-x86_64 0.1.3 2.81 25.69 28.50 NOTE
r-release-linux-x86_64 0.1.3 1.95 25.82 27.77 NOTE
r-release-macos-arm64 0.1.3 19.00 NOTE
r-release-macos-x86_64 0.1.3 23.00 NOTE
r-release-windows-x86_64 0.1.3 29.00 51.00 80.00 NOTE
r-oldrel-macos-arm64 0.1.3 23.00 NOTE
r-oldrel-macos-x86_64 0.1.3 28.00 NOTE
r-oldrel-windows-ix86+x86_64 0.1.3 7.00 51.00 58.00 NOTE

Check Details

Version: 0.1.3
Check: LazyData
Result: NOTE
     'LazyData' is specified without a 'data' directory
Flavors: r-devel-linux-x86_64-debian-clang, r-devel-linux-x86_64-debian-gcc, r-devel-linux-x86_64-fedora-clang, r-devel-linux-x86_64-fedora-gcc, r-devel-windows-x86_64, r-patched-linux-x86_64, r-release-linux-x86_64, r-release-macos-arm64, r-release-macos-x86_64, r-release-windows-x86_64, r-oldrel-macos-arm64, r-oldrel-macos-x86_64, r-oldrel-windows-ix86+x86_64