CRAN Package Check Results for Package rangemap

Last updated on 2022-11-30 06:53:37 CET.

Flavor Version Tinstall Tcheck Ttotal Status Flags
r-devel-linux-x86_64-debian-clang 0.1.18 38.88 385.57 424.45 OK
r-devel-linux-x86_64-debian-gcc 0.1.18 31.54 282.60 314.14 OK
r-devel-linux-x86_64-fedora-clang 0.1.18 543.00 NOTE
r-devel-linux-x86_64-fedora-gcc 0.1.18 507.36 NOTE
r-devel-windows-x86_64 0.1.18 69.00 442.00 511.00 OK
r-patched-linux-x86_64 0.1.18 38.45 366.41 404.86 OK
r-release-linux-x86_64 0.1.18 40.85 360.12 400.97 OK
r-release-macos-arm64 0.1.18 116.00 NOTE
r-release-macos-x86_64 0.1.18 217.00 NOTE
r-release-windows-x86_64 0.1.18 58.00 430.00 488.00 OK
r-oldrel-macos-arm64 0.1.18 94.00 NOTE
r-oldrel-macos-x86_64 0.1.18 89.00 NOTE
r-oldrel-windows-ix86+x86_64 0.1.18 98.00 412.00 510.00 OK

Additional issues

donttest

Check Details

Version: 0.1.18
Check: data for non-ASCII characters
Result: NOTE
     Note: found 7734 marked UTF-8 strings
Flavors: r-devel-linux-x86_64-fedora-clang, r-devel-linux-x86_64-fedora-gcc, r-release-macos-arm64, r-release-macos-x86_64, r-oldrel-macos-arm64, r-oldrel-macos-x86_64