Last updated on 2023-12-08 12:52:27 CET.
Flavor | Version | Tinstall | Tcheck | Ttotal | Status | Flags |
---|---|---|---|---|---|---|
r-devel-linux-x86_64-debian-clang | 0.3.0 | 5.12 | 69.89 | 75.01 | OK | |
r-devel-linux-x86_64-debian-gcc | 0.3.0 | 4.82 | 53.05 | 57.87 | OK | |
r-devel-linux-x86_64-fedora-clang | 0.3.0 | 93.31 | NOTE | |||
r-devel-linux-x86_64-fedora-gcc | 0.3.0 | 99.36 | OK | |||
r-devel-windows-x86_64 | 0.3.0 | 6.00 | 83.00 | 89.00 | OK | |
r-patched-linux-x86_64 | 0.3.0 | 6.13 | 67.64 | 73.77 | OK | |
r-release-linux-x86_64 | 0.3.0 | 5.21 | 67.49 | 72.70 | OK | |
r-release-macos-arm64 | 0.3.0 | 143.00 | OK | |||
r-release-macos-x86_64 | 0.3.0 | 101.00 | OK | |||
r-release-windows-x86_64 | 0.3.0 | 8.00 | 99.00 | 107.00 | OK | |
r-oldrel-macos-arm64 | 0.3.0 | 76.00 | OK | |||
r-oldrel-macos-x86_64 | 0.3.0 | 69.00 | OK | |||
r-oldrel-windows-x86_64 | 0.3.0 | 8.00 | 94.00 | 102.00 | OK |
Version: 0.3.0
Check: Rd cross-references
Result: NOTE
Undeclared package ‘igraph’ in Rd xrefs
Flavor: r-devel-linux-x86_64-fedora-clang