CRAN Package Check Results for Package randomNames

Last updated on 2020-06-06 22:51:21 CEST.

Flavor Version Tinstall Tcheck Ttotal Status Flags
r-devel-linux-x86_64-debian-clang 1.4-0.0 4.55 31.60 36.15 OK
r-devel-linux-x86_64-debian-gcc 1.4-0.0 3.60 24.61 28.21 OK
r-devel-linux-x86_64-fedora-clang 1.4-0.0 50.66 OK
r-devel-linux-x86_64-fedora-gcc 1.4-0.0 42.56 OK
r-devel-windows-ix86+x86_64 1.4-0.0 14.00 57.00 71.00 OK
r-patched-linux-x86_64 1.4-0.0 4.45 30.11 34.56 OK
r-patched-solaris-x86 1.4-0.0 65.10 WARN
r-release-linux-x86_64 1.4-0.0 4.76 30.42 35.18 OK
r-release-osx-x86_64 1.4-0.0 OK
r-release-windows-ix86+x86_64 1.4-0.0 13.00 65.00 78.00 OK
r-oldrel-osx-x86_64 1.4-0.0 WARN
r-oldrel-windows-ix86+x86_64 1.4-0.0 9.00 42.00 51.00 OK

Check Details

Version: 1.4-0.0
Check: re-building of vignette outputs
Result: WARN
    Error(s) in re-building vignettes:
     ...
    --- re-building ‘randomNames.Rmd’ using rmarkdown
    Warning in engine$weave(file, quiet = quiet, encoding = enc) :
     Pandoc (>= 1.12.3) and/or pandoc-citeproc not available. Falling back to R Markdown v1.
    Quitting from lines 13-26 (randomNames.Rmd)
    Error: processing vignette 'randomNames.Rmd' failed with diagnostics:
    argument is of length zero
    --- failed re-building ‘randomNames.Rmd’
    
    SUMMARY: processing the following file failed:
     ‘randomNames.Rmd’
    
    Error: Vignette re-building failed.
    Execution halted
Flavors: r-patched-solaris-x86, r-oldrel-osx-x86_64