CRAN Package Check Results for Package randomForestSRC

Last updated on 2020-07-15 06:48:19 CEST.

Flavor Version Tinstall Tcheck Ttotal Status Flags
r-devel-linux-x86_64-debian-clang 2.9.3 46.90 88.66 135.56 OK
r-devel-linux-x86_64-debian-gcc 2.9.3 33.67 66.46 100.13 OK
r-devel-linux-x86_64-fedora-clang 2.9.3 163.68 OK
r-devel-linux-x86_64-fedora-gcc 2.9.3 161.67 OK
r-devel-windows-ix86+x86_64 2.9.3 77.00 95.00 172.00 OK
r-patched-linux-x86_64 2.9.3 43.47 88.15 131.62 OK
r-patched-solaris-x86 2.9.3 190.80 OK
r-release-linux-x86_64 2.9.3 43.03 87.25 130.28 OK
r-release-macos-x86_64 2.9.3 ERROR
r-release-windows-ix86+x86_64 2.9.3 78.00 93.00 171.00 OK
r-oldrel-macos-x86_64 2.9.3 OK
r-oldrel-windows-ix86+x86_64 2.9.3 70.00 124.00 194.00 OK

Check Details

Version: 2.9.3
Check: whether package can be installed
Result: ERROR
    Installation failed.
Flavor: r-release-macos-x86_64