CRAN Package Check Results for Package randomForestSRC

Last updated on 2022-12-08 12:57:16 CET.

Flavor Version Tinstall Tcheck Ttotal Status Flags
r-devel-linux-x86_64-debian-clang 3.1.1 52.50 134.07 186.57 WARN
r-devel-linux-x86_64-debian-gcc 3.1.1 42.48 149.50 191.98 WARN
r-devel-linux-x86_64-fedora-clang 3.1.1 256.70 WARN
r-devel-linux-x86_64-fedora-gcc 3.1.1 237.55 WARN
r-devel-windows-x86_64 3.1.1 156.00 330.00 486.00 OK
r-patched-linux-x86_64 3.1.1 42.51 120.10 162.61 OK
r-release-linux-x86_64 3.1.1 36.78 121.64 158.42 OK
r-release-macos-arm64 3.1.1 59.00 OK
r-release-macos-x86_64 3.1.1 79.00 OK
r-release-windows-x86_64 3.1.1 200.00 169.00 369.00 OK
r-oldrel-macos-arm64 3.1.1 56.00 OK
r-oldrel-macos-x86_64 3.1.1 77.00 OK
r-oldrel-windows-ix86+x86_64 3.1.1 101.00 167.00 268.00 OK

Additional issues

donttest

Check Details

Version: 3.1.1
Check: whether package can be installed
Result: WARN
    Found the following significant warnings:
     ./randomForestSRC.h:412:33: warning: a function declaration without a prototype is deprecated in all versions of C [-Wstrict-prototypes]
     ./randomForestSRC.h:413:45: warning: a function declaration without a prototype is deprecated in all versions of C [-Wstrict-prototypes]
     ./randomForestSRC.h:609:15: warning: a function declaration without a prototype is deprecated in all versions of C [-Wstrict-prototypes]
     ./randomForestSRC.h:610:16: warning: a function declaration without a prototype is deprecated in all versions of C [-Wstrict-prototypes]
     ./randomForestSRC.h:612:24: warning: a function declaration without a prototype is deprecated in all versions of C [-Wstrict-prototypes]
     ./randomForestSRC.h:613:27: warning: a function declaration without a prototype is deprecated in all versions of C [-Wstrict-prototypes]
     ./randomForestSRC.h:924:20: warning: a function declaration without a prototype is deprecated in all versions of C [-Wstrict-prototypes]
     ./randomForestSRC.h:1002:27: warning: a function declaration without a prototype is deprecated in all versions of C [-Wstrict-prototypes]
     ./randomForestSRC.h:1163:40: warning: a function declaration without a prototype is deprecated in all versions of C [-Wstrict-prototypes]
     ./randomForestSRC.h:1164:41: warning: a function declaration without a prototype is deprecated in all versions of C [-Wstrict-prototypes]
     ./randomForestSRC.h:1355:33: warning: a function declaration without a prototype is deprecated in all versions of C [-Wstrict-prototypes]
     ./randomForestSRC.h:1509:22: warning: a function declaration without a prototype is deprecated in all versions of C [-Wstrict-prototypes]
     ./randomForestSRC.h:1514:22: warning: a function declaration without a prototype is deprecated in all versions of C [-Wstrict-prototypes]
     ./randomForestSRC.h:1515:37: warning: a function declaration without a prototype is deprecated in all versions of C [-Wstrict-prototypes]
     ./randomForestSRC.h:1874:39: warning: a function declaration without a prototype is deprecated in all versions of C [-Wstrict-prototypes]
     ./randomForestSRC.h:1875:36: warning: a function declaration without a prototype is deprecated in all versions of C [-Wstrict-prototypes]
     ./randomForestSRC.h:1888:17: warning: a function declaration without a prototype is deprecated in all versions of C [-Wstrict-prototypes]
     ./randomForestSRC.h:1895:22: warning: a function declaration without a prototype is deprecated in all versions of C [-Wstrict-prototypes]
     ./randomForestSRC.h:1906:33: warning: a function declaration without a prototype is deprecated in all versions of C [-Wstrict-prototypes]
     ./randomForestSRC.h:1907:35: warning: a function declaration without a prototype is deprecated in all versions of C [-Wstrict-prototypes]
     ./randomForestSRC.h:1908:34: warning: a function declaration without a prototype is deprecated in all versions of C [-Wstrict-prototypes]
     ./randomForestSRC.h:1909:36: warning: a function declaration without a prototype is deprecated in all versions of C [-Wstrict-prototypes]
     ./randomForestSRC.h:1910:34: warning: a function declaration without a prototype is deprecated in all versions of C [-Wstrict-prototypes]
     ./randomForestSRC.h:1911:36: warning: a function declaration without a prototype is deprecated in all versions of C [-Wstrict-prototypes]
     ./randomForestSRC.h:2003:13: warning: a function declaration without a prototype is deprecated in all versions of C [-Wstrict-prototypes]
     ./randomForestSRC.h:2004:23: warning: a function declaration without a prototype is deprecated in all versions of C [-Wstrict-prototypes]
     ./randomForestSRC.h:2220:12: warning: a function declaration without a prototype is deprecated in all versions of C [-Wstrict-prototypes]
     ./randomForestSRC.h:2222:24: warning: a function declaration without a prototype is deprecated in all versions of C [-Wstrict-prototypes]
     ./randomForestSRC.h:2239:23: warning: a function declaration without a prototype is deprecated in all versions of C [-Wstrict-prototypes]
     randomForestSRC.c:3073:15: warning: a function declaration without a prototype is deprecated in all versions of C [-Wstrict-prototypes]
     randomForestSRC.c:3075:16: warning: a function declaration without a prototype is deprecated in all versions of C [-Wstrict-prototypes]
     randomForestSRC.c:3079:24: warning: a function declaration without a prototype is deprecated in all versions of C [-Wstrict-prototypes]
     randomForestSRC.c:3180:27: warning: a function declaration without a prototype is deprecated in all versions of C [-Wstrict-prototypes]
     randomForestSRC.c:6468:33: warning: a function declaration without a prototype is deprecated in all versions of C [-Wstrict-prototypes]
     randomForestSRC.c:6480:45: warning: a function declaration without a prototype is deprecated in all versions of C [-Wstrict-prototypes]
     randomForestSRC.c:7682:20: warning: a function declaration without a prototype is deprecated in all versions of C [-Wstrict-prototypes]
     randomForestSRC.c:9276:27: warning: a function declaration without a prototype is deprecated in all versions of C [-Wstrict-prototypes]
     randomForestSRC.c:11617:40: warning: a function declaration without a prototype is deprecated in all versions of C [-Wstrict-prototypes]
     randomForestSRC.c:11621:41: warning: a function declaration without a prototype is deprecated in all versions of C [-Wstrict-prototypes]
     ./splitCustom.h:22:29: warning: a function declaration without a prototype is deprecated in all versions of C [-Wstrict-prototypes]
     randomForestSRC.c:16021:33: warning: a function declaration without a prototype is deprecated in all versions of C [-Wstrict-prototypes]
     randomForestSRC.c:21043:22: warning: a function declaration without a prototype is deprecated in all versions of C [-Wstrict-prototypes]
     randomForestSRC.c:21089:22: warning: a function declaration without a prototype is deprecated in all versions of C [-Wstrict-prototypes]
     randomForestSRC.c:21475:37: warning: a function declaration without a prototype is deprecated in all versions of C [-Wstrict-prototypes]
     randomForestSRC.c:28671:39: warning: a function declaration without a prototype is deprecated in all versions of C [-Wstrict-prototypes]
     randomForestSRC.c:28988:17: warning: a function declaration without a prototype is deprecated in all versions of C [-Wstrict-prototypes]
     randomForestSRC.c:29438:33: warning: a function declaration without a prototype is deprecated in all versions of C [-Wstrict-prototypes]
     randomForestSRC.c:29485:35: warning: a function declaration without a prototype is deprecated in all versions of C [-Wstrict-prototypes]
     randomForestSRC.c:29504:34: warning: a function declaration without a prototype is deprecated in all versions of C [-Wstrict-prototypes]
     randomForestSRC.c:29517:36: warning: a function declaration without a prototype is deprecated in all versions of C [-Wstrict-prototypes]
     randomForestSRC.c:29522:34: warning: a function declaration without a prototype is deprecated in all versions of C [-Wstrict-prototypes]
     randomForestSRC.c:29545:36: warning: a function declaration without a prototype is deprecated in all versions of C [-Wstrict-prototypes]
     randomForestSRC.c:29554:22: warning: a function declaration without a prototype is deprecated in all versions of C [-Wstrict-prototypes]
     randomForestSRC.c:31136:13: warning: a function declaration without a prototype is deprecated in all versions of C [-Wstrict-prototypes]
     randomForestSRC.c:31199:23: warning: a function declaration without a prototype is deprecated in all versions of C [-Wstrict-prototypes]
     randomForestSRC.c:34940:12: warning: a function declaration without a prototype is deprecated in all versions of C [-Wstrict-prototypes]
     randomForestSRC.c:34953:24: warning: a function declaration without a prototype is deprecated in all versions of C [-Wstrict-prototypes]
     randomForestSRC.c:35129:23: warning: a function declaration without a prototype is deprecated in all versions of C [-Wstrict-prototypes]
     splitCustom.c:22:29: warning: a function declaration without a prototype is deprecated in all versions of C [-Wstrict-prototypes]
Flavors: r-devel-linux-x86_64-debian-clang, r-devel-linux-x86_64-fedora-clang

Version: 3.1.1
Check: compiled code
Result: WARN
    File 'randomForestSRC/libs/randomForestSRC.so':
     Found '__vsprintf_chk', possibly from 'vsprintf' (C)
     Object: 'randomForestSRC.o'
    
    Compiled code should not call entry points which might terminate R nor
    write to stdout/stderr instead of to the console, nor use Fortran I/O
    nor system RNGs nor [v]sprintf.
    
    See 'Writing portable packages' in the 'Writing R Extensions' manual.
Flavors: r-devel-linux-x86_64-debian-clang, r-devel-linux-x86_64-debian-gcc, r-devel-linux-x86_64-fedora-gcc

Version: 3.1.1
Check: whether package can be installed
Result: WARN
    Found the following significant warnings:
     randomForestSRC.h:412:1: warning: function declaration isn’t a prototype [-Wstrict-prototypes]
     randomForestSRC.h:413:1: warning: function declaration isn’t a prototype [-Wstrict-prototypes]
     randomForestSRC.h:609:1: warning: function declaration isn’t a prototype [-Wstrict-prototypes]
     randomForestSRC.h:610:1: warning: function declaration isn’t a prototype [-Wstrict-prototypes]
     randomForestSRC.h:612:1: warning: function declaration isn’t a prototype [-Wstrict-prototypes]
     randomForestSRC.h:613:1: warning: function declaration isn’t a prototype [-Wstrict-prototypes]
     randomForestSRC.h:924:1: warning: function declaration isn’t a prototype [-Wstrict-prototypes]
     randomForestSRC.h:1002:1: warning: function declaration isn’t a prototype [-Wstrict-prototypes]
     randomForestSRC.h:1163:1: warning: function declaration isn’t a prototype [-Wstrict-prototypes]
     randomForestSRC.h:1164:1: warning: function declaration isn’t a prototype [-Wstrict-prototypes]
     randomForestSRC.h:1355:1: warning: function declaration isn’t a prototype [-Wstrict-prototypes]
     randomForestSRC.h:1509:1: warning: function declaration isn’t a prototype [-Wstrict-prototypes]
     randomForestSRC.h:1514:1: warning: function declaration isn’t a prototype [-Wstrict-prototypes]
     randomForestSRC.h:1515:1: warning: function declaration isn’t a prototype [-Wstrict-prototypes]
     randomForestSRC.h:1874:1: warning: function declaration isn’t a prototype [-Wstrict-prototypes]
     randomForestSRC.h:1875:1: warning: function declaration isn’t a prototype [-Wstrict-prototypes]
     randomForestSRC.h:1888:1: warning: function declaration isn’t a prototype [-Wstrict-prototypes]
     randomForestSRC.h:1895:1: warning: function declaration isn’t a prototype [-Wstrict-prototypes]
     randomForestSRC.h:1906:1: warning: function declaration isn’t a prototype [-Wstrict-prototypes]
     randomForestSRC.h:1907:1: warning: function declaration isn’t a prototype [-Wstrict-prototypes]
     randomForestSRC.h:1908:1: warning: function declaration isn’t a prototype [-Wstrict-prototypes]
     randomForestSRC.h:1909:1: warning: function declaration isn’t a prototype [-Wstrict-prototypes]
     randomForestSRC.h:1910:1: warning: function declaration isn’t a prototype [-Wstrict-prototypes]
     randomForestSRC.h:1911:1: warning: function declaration isn’t a prototype [-Wstrict-prototypes]
     randomForestSRC.h:2003:1: warning: function declaration isn’t a prototype [-Wstrict-prototypes]
     randomForestSRC.h:2004:1: warning: function declaration isn’t a prototype [-Wstrict-prototypes]
     randomForestSRC.h:2220:1: warning: function declaration isn’t a prototype [-Wstrict-prototypes]
     randomForestSRC.h:2222:1: warning: function declaration isn’t a prototype [-Wstrict-prototypes]
     randomForestSRC.h:2239:1: warning: function declaration isn’t a prototype [-Wstrict-prototypes]
     randomForestSRC.c:3073:6: warning: function declaration isn’t a prototype [-Wstrict-prototypes]
     randomForestSRC.c:3075:6: warning: function declaration isn’t a prototype [-Wstrict-prototypes]
     randomForestSRC.c:3079:6: warning: function declaration isn’t a prototype [-Wstrict-prototypes]
     randomForestSRC.c:3180:6: warning: function declaration isn’t a prototype [-Wstrict-prototypes]
     randomForestSRC.c:6468:16: warning: function declaration isn’t a prototype [-Wstrict-prototypes]
     randomForestSRC.c:6480:22: warning: function declaration isn’t a prototype [-Wstrict-prototypes]
     randomForestSRC.c:7682:6: warning: function declaration isn’t a prototype [-Wstrict-prototypes]
     randomForestSRC.c:9276:13: warning: function declaration isn’t a prototype [-Wstrict-prototypes]
     randomForestSRC.c:11617:18: warning: function declaration isn’t a prototype [-Wstrict-prototypes]
     randomForestSRC.c:11621:18: warning: function declaration isn’t a prototype [-Wstrict-prototypes]
     splitCustom.h:22:1: warning: function declaration isn’t a prototype [-Wstrict-prototypes]
     randomForestSRC.c:16021:16: warning: function declaration isn’t a prototype [-Wstrict-prototypes]
     randomForestSRC.c:21043:6: warning: function declaration isn’t a prototype [-Wstrict-prototypes]
     randomForestSRC.c:21089:6: warning: function declaration isn’t a prototype [-Wstrict-prototypes]
     randomForestSRC.c:21475:18: warning: function declaration isn’t a prototype [-Wstrict-prototypes]
     randomForestSRC.c:28671:6: warning: function declaration isn’t a prototype [-Wstrict-prototypes]
     randomForestSRC.c:28988:6: warning: function declaration isn’t a prototype [-Wstrict-prototypes]
     randomForestSRC.c:29438:6: warning: function declaration isn’t a prototype [-Wstrict-prototypes]
     randomForestSRC.c:29485:6: warning: function declaration isn’t a prototype [-Wstrict-prototypes]
     randomForestSRC.c:29504:6: warning: function declaration isn’t a prototype [-Wstrict-prototypes]
     randomForestSRC.c:29517:6: warning: function declaration isn’t a prototype [-Wstrict-prototypes]
     randomForestSRC.c:29522:6: warning: function declaration isn’t a prototype [-Wstrict-prototypes]
     randomForestSRC.c:29545:6: warning: function declaration isn’t a prototype [-Wstrict-prototypes]
     randomForestSRC.c:29554:6: warning: function declaration isn’t a prototype [-Wstrict-prototypes]
     randomForestSRC.c:31136:6: warning: function declaration isn’t a prototype [-Wstrict-prototypes]
     randomForestSRC.c:31199:11: warning: function declaration isn’t a prototype [-Wstrict-prototypes]
     randomForestSRC.c:34940:6: warning: function declaration isn’t a prototype [-Wstrict-prototypes]
     randomForestSRC.c:34953:6: warning: function declaration isn’t a prototype [-Wstrict-prototypes]
     randomForestSRC.c:35129:6: warning: function declaration isn’t a prototype [-Wstrict-prototypes]
     splitCustom.c:22:6: warning: function declaration isn’t a prototype [-Wstrict-prototypes]
Flavors: r-devel-linux-x86_64-debian-gcc, r-devel-linux-x86_64-fedora-gcc

Version: 3.1.1
Check: compiled code
Result: WARN
    File ‘randomForestSRC/libs/randomForestSRC.so’:
     Found ‘vsprintf’, possibly from ‘vsprintf’ (C)
     Object: ‘randomForestSRC.o’
    
    Compiled code should not call entry points which might terminate R nor
    write to stdout/stderr instead of to the console, nor use Fortran I/O
    nor system RNGs nor [v]sprintf.
    
    See ‘Writing portable packages’ in the ‘Writing R Extensions’ manual.
Flavor: r-devel-linux-x86_64-fedora-clang