CRAN Package Check Results for Package random.polychor.pa

Last updated on 2023-03-20 12:51:21 CET.

Flavor Version Tinstall Tcheck Ttotal Status Flags
r-devel-linux-x86_64-debian-clang 1.1.4-4 NOTE
r-devel-linux-x86_64-debian-gcc 1.1.4-4 3.31 29.27 32.58 NOTE
r-devel-linux-x86_64-fedora-clang 1.1.4-4 54.61 NOTE
r-devel-linux-x86_64-fedora-gcc 1.1.4-4 50.54 NOTE
r-patched-linux-x86_64 1.1.4-4 4.49 39.46 43.95 NOTE
r-release-linux-x86_64 1.1.4-4 4.89 39.10 43.99 NOTE
r-release-macos-arm64 1.1.4-4 23.00 NOTE
r-release-macos-x86_64 1.1.4-4 28.00 NOTE
r-release-windows-x86_64 1.1.4-4 28.00 66.00 94.00 NOTE
r-oldrel-macos-arm64 1.1.4-4 24.00 NOTE
r-oldrel-macos-x86_64 1.1.4-4 32.00 NOTE
r-oldrel-windows-ix86+x86_64 1.1.4-4 10.00 63.00 73.00 NOTE

Check Details

Version: 1.1.4-4
Check: LazyData
Result: NOTE
     'LazyData' is specified without a 'data' directory
Flavors: r-devel-linux-x86_64-debian-clang, r-devel-linux-x86_64-debian-gcc, r-devel-linux-x86_64-fedora-clang, r-devel-linux-x86_64-fedora-gcc, r-patched-linux-x86_64, r-release-linux-x86_64, r-release-macos-arm64, r-release-macos-x86_64, r-release-windows-x86_64, r-oldrel-macos-arm64, r-oldrel-macos-x86_64, r-oldrel-windows-ix86+x86_64