CRAN Package Check Results for Package randgeo

Last updated on 2022-05-28 12:54:11 CEST.

Flavor Version Tinstall Tcheck Ttotal Status Flags
r-devel-linux-x86_64-debian-clang 0.3.0 2.41 37.22 39.63 NOTE
r-devel-linux-x86_64-debian-gcc 0.3.0 1.80 28.70 30.50 NOTE
r-devel-linux-x86_64-fedora-clang 0.3.0 48.31 NOTE
r-devel-linux-x86_64-fedora-gcc 0.3.0 36.79 NOTE
r-devel-windows-x86_64 0.3.0 20.00 57.00 77.00 NOTE
r-patched-linux-x86_64 0.3.0 1.64 34.92 36.56 NOTE
r-release-linux-x86_64 0.3.0 2.20 36.21 38.41 NOTE
r-release-macos-arm64 0.3.0 18.00 NOTE
r-release-macos-x86_64 0.3.0 24.00 NOTE
r-release-windows-x86_64 0.3.0 16.00 60.00 76.00 NOTE
r-oldrel-macos-arm64 0.3.0 20.00 NOTE
r-oldrel-macos-x86_64 0.3.0 27.00 NOTE
r-oldrel-windows-ix86+x86_64 0.3.0 7.00 49.00 56.00 NOTE

Check Details

Version: 0.3.0
Check: LazyData
Result: NOTE
     'LazyData' is specified without a 'data' directory
Flavors: r-devel-linux-x86_64-debian-clang, r-devel-linux-x86_64-debian-gcc, r-devel-linux-x86_64-fedora-clang, r-devel-linux-x86_64-fedora-gcc, r-devel-windows-x86_64, r-patched-linux-x86_64, r-release-linux-x86_64, r-release-macos-arm64, r-release-macos-x86_64, r-release-windows-x86_64, r-oldrel-macos-arm64, r-oldrel-macos-x86_64, r-oldrel-windows-ix86+x86_64