Last updated on 2025-02-01 12:48:36 CET.
Flavor | Version | Tinstall | Tcheck | Ttotal | Status | Flags |
---|---|---|---|---|---|---|
r-devel-linux-x86_64-debian-clang | 0.1.5 | 2.18 | 20.76 | 22.94 | OK | |
r-devel-linux-x86_64-debian-gcc | 0.1.5 | 1.60 | 16.29 | 17.89 | OK | |
r-devel-linux-x86_64-fedora-clang | 0.1.5 | 38.15 | OK | |||
r-devel-linux-x86_64-fedora-gcc | 0.1.5 | 34.57 | OK | |||
r-devel-windows-x86_64 | 0.1.5 | 3.00 | 45.00 | 48.00 | OK | |
r-patched-linux-x86_64 | 0.1.5 | 2.24 | 19.59 | 21.83 | NOTE | |
r-release-linux-x86_64 | 0.1.5 | 1.77 | 19.50 | 21.27 | NOTE | |
r-release-macos-arm64 | 0.1.5 | 16.00 | NOTE | |||
r-release-macos-x86_64 | 0.1.5 | 24.00 | NOTE | |||
r-release-windows-x86_64 | 0.1.5 | 4.00 | 45.00 | 49.00 | NOTE | |
r-oldrel-macos-arm64 | 0.1.5 | 17.00 | NOTE | |||
r-oldrel-macos-x86_64 | 0.1.5 | 21.00 | NOTE | |||
r-oldrel-windows-x86_64 | 0.1.5 | 6.00 | 46.00 | 52.00 | NOTE |
Version: 0.1.5
Check: LazyData
Result: NOTE
'LazyData' is specified without a 'data' directory
Flavors: r-patched-linux-x86_64, r-release-linux-x86_64, r-release-macos-arm64, r-release-macos-x86_64, r-release-windows-x86_64, r-oldrel-macos-arm64, r-oldrel-macos-x86_64, r-oldrel-windows-x86_64