CRAN Package Check Results for Package ralger

Last updated on 2024-04-17 21:56:07 CEST.

Flavor Version Tinstall Tcheck Ttotal Status Flags
r-devel-linux-x86_64-debian-clang 2.2.4 4.61 65.64 70.25 NOTE
r-devel-linux-x86_64-debian-gcc 2.2.4 4.54 49.16 53.70 NOTE
r-devel-linux-x86_64-fedora-clang 2.2.4 90.14 NOTE
r-devel-linux-x86_64-fedora-gcc 2.2.4 97.67 NOTE
r-prerel-macos-arm64 2.2.4 72.00 NOTE
r-prerel-windows-x86_64 2.2.4 8.00 77.00 85.00 NOTE
r-patched-linux-x86_64 2.2.4 5.77 62.33 68.10 NOTE
r-release-linux-x86_64 2.2.4 3.83 62.61 66.44 NOTE
r-release-macos-arm64 2.2.4 49.00 NOTE
r-release-macos-x86_64 2.2.4 66.00 NOTE
r-release-windows-x86_64 2.2.4 10.00 83.00 93.00 NOTE
r-oldrel-macos-arm64 2.2.4 44.00 NOTE
r-oldrel-windows-x86_64 2.2.4 10.00 88.00 98.00 NOTE

Check Details

Version: 2.2.4
Check: LazyData
Result: NOTE 'LazyData' is specified without a 'data' directory Flavors: r-devel-linux-x86_64-debian-clang, r-devel-linux-x86_64-debian-gcc, r-devel-linux-x86_64-fedora-clang, r-devel-linux-x86_64-fedora-gcc, r-prerel-macos-arm64, r-prerel-windows-x86_64, r-patched-linux-x86_64, r-release-linux-x86_64, r-release-macos-arm64, r-release-macos-x86_64, r-release-windows-x86_64, r-oldrel-macos-arm64, r-oldrel-windows-x86_64