Last updated on 2025-02-01 12:48:36 CET.
Flavor | Version | Tinstall | Tcheck | Ttotal | Status | Flags |
---|---|---|---|---|---|---|
r-devel-linux-x86_64-debian-clang | 2.2.4 | 5.06 | 52.83 | 57.89 | OK | |
r-devel-linux-x86_64-debian-gcc | 2.2.4 | 3.43 | 38.27 | 41.70 | OK | |
r-devel-linux-x86_64-fedora-clang | 2.2.4 | 93.60 | OK | |||
r-devel-linux-x86_64-fedora-gcc | 2.2.4 | 99.21 | OK | |||
r-devel-windows-x86_64 | 2.2.4 | 7.00 | 76.00 | 83.00 | OK | |
r-patched-linux-x86_64 | 2.2.4 | 4.66 | 48.41 | 53.07 | NOTE | |
r-release-linux-x86_64 | 2.2.4 | 4.72 | 48.78 | 53.50 | NOTE | |
r-release-macos-arm64 | 2.2.4 | 72.00 | NOTE | |||
r-release-macos-x86_64 | 2.2.4 | 83.00 | NOTE | |||
r-release-windows-x86_64 | 2.2.4 | 8.00 | 78.00 | 86.00 | NOTE | |
r-oldrel-macos-arm64 | 2.2.4 | 49.00 | NOTE | |||
r-oldrel-macos-x86_64 | 2.2.4 | 66.00 | NOTE | |||
r-oldrel-windows-x86_64 | 2.2.4 | 8.00 | 85.00 | 93.00 | NOTE |
Version: 2.2.4
Check: LazyData
Result: NOTE
'LazyData' is specified without a 'data' directory
Flavors: r-patched-linux-x86_64, r-release-linux-x86_64, r-release-macos-arm64, r-release-macos-x86_64, r-release-windows-x86_64, r-oldrel-macos-arm64, r-oldrel-macos-x86_64, r-oldrel-windows-x86_64