CRAN Package Check Results for Package rainfarmr

Last updated on 2022-12-09 21:53:54 CET.

Flavor Version Tinstall Tcheck Ttotal Status Flags
r-devel-linux-x86_64-debian-clang 0.1 3.01 24.83 27.84 NOTE
r-devel-linux-x86_64-debian-gcc 0.1 2.12 21.81 23.93 NOTE
r-devel-linux-x86_64-fedora-clang 0.1 45.59 NOTE
r-devel-linux-x86_64-fedora-gcc 0.1 43.80 NOTE
r-devel-windows-x86_64 0.1 27.00 58.00 85.00 NOTE
r-patched-linux-x86_64 0.1 2.87 23.82 26.69 NOTE
r-release-linux-x86_64 0.1 2.25 24.46 26.71 NOTE
r-release-macos-arm64 0.1 13.00 NOTE
r-release-macos-x86_64 0.1 20.00 NOTE
r-release-windows-x86_64 0.1 7.00 45.00 52.00 NOTE
r-oldrel-macos-arm64 0.1 24.00 NOTE
r-oldrel-macos-x86_64 0.1 27.00 NOTE
r-oldrel-windows-ix86+x86_64 0.1 6.00 27.00 33.00 NOTE

Check Details

Version: 0.1
Check: LazyData
Result: NOTE
     'LazyData' is specified without a 'data' directory
Flavors: r-devel-linux-x86_64-debian-clang, r-devel-linux-x86_64-debian-gcc, r-devel-linux-x86_64-fedora-clang, r-devel-linux-x86_64-fedora-gcc, r-devel-windows-x86_64, r-patched-linux-x86_64, r-release-linux-x86_64, r-release-macos-arm64, r-release-macos-x86_64, r-release-windows-x86_64, r-oldrel-macos-arm64, r-oldrel-macos-x86_64, r-oldrel-windows-ix86+x86_64