Last updated on 2025-02-08 12:49:41 CET.
Flavor | Version | Tinstall | Tcheck | Ttotal | Status | Flags |
---|---|---|---|---|---|---|
r-devel-linux-x86_64-debian-clang | 0.1 | 2.27 | 20.28 | 22.55 | OK | |
r-devel-linux-x86_64-debian-gcc | 0.1 | 1.74 | 16.08 | 17.82 | OK | |
r-devel-linux-x86_64-fedora-clang | 0.1 | 36.17 | OK | |||
r-devel-linux-x86_64-fedora-gcc | 0.1 | 33.73 | OK | |||
r-devel-windows-x86_64 | 0.1 | 5.00 | 40.00 | 45.00 | OK | |
r-patched-linux-x86_64 | 0.1 | 2.31 | 18.96 | 21.27 | NOTE | |
r-release-linux-x86_64 | 0.1 | 2.05 | 19.15 | 21.20 | NOTE | |
r-release-macos-arm64 | 0.1 | 20.00 | NOTE | |||
r-release-macos-x86_64 | 0.1 | 30.00 | NOTE | |||
r-release-windows-x86_64 | 0.1 | 3.00 | 39.00 | 42.00 | NOTE | |
r-oldrel-macos-arm64 | 0.1 | 15.00 | NOTE | |||
r-oldrel-macos-x86_64 | 0.1 | 22.00 | NOTE | |||
r-oldrel-windows-x86_64 | 0.1 | 7.00 | 41.00 | 48.00 | NOTE |
Version: 0.1
Check: LazyData
Result: NOTE
'LazyData' is specified without a 'data' directory
Flavors: r-patched-linux-x86_64, r-release-linux-x86_64, r-release-macos-arm64, r-release-macos-x86_64, r-release-windows-x86_64, r-oldrel-macos-arm64, r-oldrel-macos-x86_64, r-oldrel-windows-x86_64