Last updated on 2024-04-24 21:54:55 CEST.
Flavor | Version | Tinstall | Tcheck | Ttotal | Status | Flags |
---|---|---|---|---|---|---|
r-devel-linux-x86_64-debian-clang | 1.0.3 | 13.34 | 89.82 | 103.16 | NOTE | |
r-devel-linux-x86_64-debian-gcc | 1.0.3 | 8.99 | 64.61 | 73.60 | NOTE | |
r-devel-linux-x86_64-fedora-clang | 1.0.3 | 123.19 | NOTE | |||
r-devel-linux-x86_64-fedora-gcc | 1.0.3 | 116.59 | NOTE | |||
r-devel-windows-x86_64 | 1.0.3 | 9.00 | 78.00 | 87.00 | NOTE | |
r-patched-linux-x86_64 | 1.0.3 | 11.35 | 85.73 | 97.08 | NOTE | |
r-release-linux-x86_64 | 1.0.3 | 10.24 | 87.42 | 97.66 | NOTE | |
r-release-macos-arm64 | 1.0.3 | 39.00 | NOTE | |||
r-release-windows-x86_64 | 1.0.3 | 10.00 | 77.00 | 87.00 | NOTE | |
r-oldrel-macos-arm64 | 1.0.3 | 33.00 | NOTE | |||
r-oldrel-macos-x86_64 | 1.0.3 | 63.00 | NOTE | |||
r-oldrel-windows-x86_64 | 1.0.3 | 13.00 | 94.00 | 107.00 | NOTE |
Version: 1.0.3
Check: LazyData
Result: NOTE
'LazyData' is specified without a 'data' directory
Flavors: r-devel-linux-x86_64-debian-clang, r-devel-linux-x86_64-debian-gcc, r-devel-linux-x86_64-fedora-clang, r-devel-linux-x86_64-fedora-gcc, r-devel-windows-x86_64, r-patched-linux-x86_64, r-release-linux-x86_64, r-release-macos-arm64, r-release-windows-x86_64, r-oldrel-macos-arm64, r-oldrel-macos-x86_64, r-oldrel-windows-x86_64