Last updated on 2023-03-24 12:50:52 CET.
Flavor | Version | Tinstall | Tcheck | Ttotal | Status | Flags |
---|---|---|---|---|---|---|
r-devel-linux-x86_64-debian-clang | 2.2.6 | 72.09 | 296.31 | 368.40 | OK | |
r-devel-linux-x86_64-debian-gcc | 2.2.6 | 56.00 | 219.10 | 275.10 | OK | |
r-devel-linux-x86_64-fedora-clang | 2.2.6 | 457.82 | OK | |||
r-devel-linux-x86_64-fedora-gcc | 2.2.6 | 439.17 | OK | |||
r-patched-linux-x86_64 | 2.2.6 | 68.15 | 271.14 | 339.29 | OK | |
r-release-linux-x86_64 | 2.2.6 | 56.40 | 272.98 | 329.38 | OK | |
r-release-macos-arm64 | 2.2.6 | 115.00 | NOTE | |||
r-release-macos-x86_64 | 2.2.6 | 157.00 | NOTE | |||
r-release-windows-x86_64 | 2.2.6 | 508.00 | 349.00 | 857.00 | OK | |
r-oldrel-macos-arm64 | 2.2.6 | 93.00 | NOTE | |||
r-oldrel-macos-x86_64 | 2.2.6 | 147.00 | NOTE | |||
r-oldrel-windows-ix86+x86_64 | 2.2.6 | 146.00 | 506.00 | 652.00 | OK |
Version: 2.2.6
Check: installed package size
Result: NOTE
installed size is 5.9Mb
sub-directories of 1Mb or more:
libs 4.7Mb
Flavors: r-release-macos-arm64, r-release-macos-x86_64, r-oldrel-macos-arm64, r-oldrel-macos-x86_64