Last updated on 2023-12-11 06:48:32 CET.
Flavor | Version | Tinstall | Tcheck | Ttotal | Status | Flags |
---|---|---|---|---|---|---|
r-devel-linux-x86_64-debian-clang | 1.0.0 | 2.37 | 23.79 | 26.16 | NOTE | |
r-devel-linux-x86_64-debian-gcc | 1.0.0 | 1.41 | 18.84 | 20.25 | NOTE | |
r-devel-linux-x86_64-fedora-clang | 1.0.0 | 34.05 | NOTE | |||
r-devel-linux-x86_64-fedora-gcc | 1.0.0 | 31.63 | NOTE | |||
r-devel-windows-x86_64 | 1.0.0 | 4.00 | 42.00 | 46.00 | NOTE | |
r-patched-linux-x86_64 | 1.0.0 | 2.57 | 23.70 | 26.27 | NOTE | |
r-release-linux-x86_64 | 1.0.0 | 2.49 | 23.74 | 26.23 | NOTE | |
r-release-macos-arm64 | 1.0.0 | 17.00 | NOTE | |||
r-release-macos-x86_64 | 1.0.0 | 22.00 | NOTE | |||
r-release-windows-x86_64 | 1.0.0 | 3.00 | 42.00 | 45.00 | NOTE | |
r-oldrel-macos-arm64 | 1.0.0 | 18.00 | NOTE | |||
r-oldrel-macos-x86_64 | 1.0.0 | 21.00 | NOTE | |||
r-oldrel-windows-x86_64 | 1.0.0 | 9.00 | 49.00 | 58.00 | NOTE |
Version: 1.0.0
Check: LazyData
Result: NOTE
'LazyData' is specified without a 'data' directory
Flavors: r-devel-linux-x86_64-debian-clang, r-devel-linux-x86_64-debian-gcc, r-devel-linux-x86_64-fedora-clang, r-devel-linux-x86_64-fedora-gcc, r-devel-windows-x86_64, r-patched-linux-x86_64, r-release-linux-x86_64, r-release-macos-arm64, r-release-macos-x86_64, r-release-windows-x86_64, r-oldrel-macos-arm64, r-oldrel-macos-x86_64, r-oldrel-windows-x86_64