Last updated on 2023-03-23 03:53:30 CET.
Flavor | Version | Tinstall | Tcheck | Ttotal | Status | Flags |
---|---|---|---|---|---|---|
r-devel-linux-x86_64-debian-clang | 0.2.0 | 3.61 | 44.96 | 48.57 | OK | |
r-devel-linux-x86_64-debian-gcc | 0.2.0 | 3.06 | 32.27 | 35.33 | OK | |
r-devel-linux-x86_64-fedora-clang | 0.2.0 | 60.20 | NOTE | |||
r-devel-linux-x86_64-fedora-gcc | 0.2.0 | 52.12 | NOTE | |||
r-patched-linux-x86_64 | 0.2.0 | 3.98 | 41.53 | 45.51 | OK | |
r-release-linux-x86_64 | 0.2.0 | 3.27 | 41.02 | 44.29 | OK | |
r-release-macos-arm64 | 0.2.0 | 20.00 | NOTE | |||
r-release-macos-x86_64 | 0.2.0 | 35.00 | NOTE | |||
r-release-windows-x86_64 | 0.2.0 | 10.00 | 106.00 | 116.00 | OK | |
r-oldrel-macos-arm64 | 0.2.0 | 29.00 | NOTE | |||
r-oldrel-macos-x86_64 | 0.2.0 | 36.00 | NOTE | |||
r-oldrel-windows-ix86+x86_64 | 0.2.0 | 9.00 | 67.00 | 76.00 | OK |
Version: 0.2.0
Check: data for non-ASCII characters
Result: NOTE
Note: found 3 marked UTF-8 strings
Flavors: r-devel-linux-x86_64-fedora-clang, r-devel-linux-x86_64-fedora-gcc, r-release-macos-arm64, r-release-macos-x86_64, r-oldrel-macos-arm64, r-oldrel-macos-x86_64