CRAN Package Check Results for Package radiant.multivariate

Last updated on 2020-07-03 03:47:18 CEST.

Flavor Version Tinstall Tcheck Ttotal Status Flags
r-devel-linux-x86_64-debian-clang 1.3.5 16.69 153.32 170.01 OK
r-devel-linux-x86_64-debian-gcc 1.3.5 15.41 118.98 134.39 OK
r-devel-linux-x86_64-fedora-clang 1.3.5 210.97 OK
r-devel-linux-x86_64-fedora-gcc 1.3.5 198.40 OK
r-devel-windows-ix86+x86_64 1.3.5 86.00 167.00 253.00 OK
r-patched-linux-x86_64 1.3.5 18.08 148.20 166.28 OK
r-patched-solaris-x86 1.3.5 298.30 NOTE
r-release-linux-x86_64 1.3.5 15.89 149.67 165.56 OK
r-release-osx-x86_64 1.3.5 OK
r-release-windows-ix86+x86_64 1.3.5 47.00 164.00 211.00 OK
r-oldrel-osx-x86_64 1.3.5 OK
r-oldrel-windows-ix86+x86_64 1.3.5 77.00 236.00 313.00 OK

Check Details

Version: 1.3.5
Check: installed package size
Result: NOTE
     installed size is 6.3Mb
     sub-directories of 1Mb or more:
     app 6.0Mb
Flavor: r-patched-solaris-x86