Last updated on 2023-04-01 12:56:34 CEST.
Flavor | Version | Tinstall | Tcheck | Ttotal | Status | Flags |
---|---|---|---|---|---|---|
r-devel-linux-x86_64-debian-clang | 0.2.5 | 45.07 | 594.54 | 639.61 | OK | |
r-devel-linux-x86_64-debian-gcc | 0.2.5 | 39.99 | 443.16 | 483.15 | OK | |
r-devel-linux-x86_64-fedora-clang | 0.2.5 | 858.74 | NOTE | |||
r-devel-linux-x86_64-fedora-gcc | 0.2.5 | 811.03 | OK | |||
r-devel-windows-x86_64 | 0.2.5 | 64.00 | 487.00 | 551.00 | ERROR | |
r-patched-linux-x86_64 | 0.2.5 | 48.68 | 568.82 | 617.50 | OK | |
r-release-linux-x86_64 | 0.2.5 | 34.22 | 538.85 | 573.07 | OK | |
r-release-macos-arm64 | 0.2.5 | 168.00 | OK | |||
r-release-macos-x86_64 | 0.2.5 | 277.00 | OK | |||
r-release-windows-x86_64 | 0.2.5 | 73.00 | 618.00 | 691.00 | OK | |
r-oldrel-macos-arm64 | 0.2.5 | 163.00 | OK | |||
r-oldrel-macos-x86_64 | 0.2.5 | 270.00 | OK | |||
r-oldrel-windows-ix86+x86_64 | 0.2.5 | 99.00 | 572.00 | 671.00 | OK |
Version: 0.2.5
Check: package dependencies
Result: NOTE
Imports includes 21 non-default packages.
Importing from so many packages makes the package vulnerable to any of
them becoming unavailable. Move as many as possible to Suggests and
use conditionally.
Flavor: r-devel-linux-x86_64-fedora-clang
Version: 0.2.5
Check: re-building of vignette outputs
Result: ERROR
Error(s) in re-building vignettes:
--- re-building 'RAbHIT-vignette.Rmd' using rmarkdown
Quitting from lines 235-238 (RAbHIT-vignette.Rmd)
Error: processing vignette 'RAbHIT-vignette.Rmd' failed with diagnostics:
cannot allocate vector of size 2.0 Mb
--- failed re-building 'RAbHIT-vignette.Rmd'
SUMMARY: processing the following file failed:
'RAbHIT-vignette.Rmd'
Error: Vignette re-building failed.
Execution halted
Flavor: r-devel-windows-x86_64