Last updated on 2023-04-01 07:10:50 CEST.
Flavor | Version | Tinstall | Tcheck | Ttotal | Status | Flags |
---|---|---|---|---|---|---|
r-devel-linux-x86_64-debian-clang | 0.1.2 | 8.19 | 67.56 | 75.75 | NOTE | |
r-devel-linux-x86_64-debian-gcc | 0.1.2 | 6.65 | 51.87 | 58.52 | NOTE | |
r-devel-linux-x86_64-fedora-clang | 0.1.2 | 92.38 | NOTE | |||
r-devel-linux-x86_64-fedora-gcc | 0.1.2 | 88.86 | NOTE | |||
r-devel-windows-x86_64 | 0.1.2 | 24.00 | 0.00 | 24.00 | NOTE | |
r-patched-linux-x86_64 | 0.1.2 | 7.89 | 63.94 | 71.83 | NOTE | |
r-release-linux-x86_64 | 0.1.2 | 6.39 | 62.62 | 69.01 | NOTE | |
r-release-macos-arm64 | 0.1.2 | 29.00 | NOTE | |||
r-release-macos-x86_64 | 0.1.2 | 41.00 | NOTE | |||
r-release-windows-x86_64 | 0.1.2 | 18.00 | 104.00 | 122.00 | NOTE | |
r-oldrel-macos-arm64 | 0.1.2 | 33.00 | NOTE | |||
r-oldrel-macos-x86_64 | 0.1.2 | 57.00 | NOTE | |||
r-oldrel-windows-ix86+x86_64 | 0.1.2 | 16.00 | 90.00 | 106.00 | NOTE |
Version: 0.1.2
Check: LazyData
Result: NOTE
'LazyData' is specified without a 'data' directory
Flavors: r-devel-linux-x86_64-debian-clang, r-devel-linux-x86_64-debian-gcc, r-devel-linux-x86_64-fedora-clang, r-devel-linux-x86_64-fedora-gcc, r-devel-windows-x86_64, r-patched-linux-x86_64, r-release-linux-x86_64, r-release-macos-arm64, r-release-macos-x86_64, r-release-windows-x86_64, r-oldrel-macos-arm64, r-oldrel-macos-x86_64, r-oldrel-windows-ix86+x86_64