Last updated on 2022-05-27 06:51:34 CEST.
Flavor | Version | Tinstall | Tcheck | Ttotal | Status | Flags |
---|---|---|---|---|---|---|
r-devel-linux-x86_64-debian-clang | 0.3.1 | 10.72 | 91.04 | 101.76 | OK | |
r-devel-linux-x86_64-debian-gcc | 0.3.1 | 8.19 | 66.05 | 74.24 | OK | |
r-devel-linux-x86_64-fedora-clang | 0.3.1 | 126.68 | NOTE | |||
r-devel-linux-x86_64-fedora-gcc | 0.3.1 | 103.29 | NOTE | |||
r-devel-windows-x86_64 | 0.3.1 | 27.00 | 104.00 | 131.00 | OK | |
r-patched-linux-x86_64 | 0.3.1 | 7.38 | 84.55 | 91.93 | OK | |
r-release-linux-x86_64 | 0.3.1 | 7.17 | 83.95 | 91.12 | OK | |
r-release-macos-arm64 | 0.3.1 | 32.00 | NOTE | |||
r-release-macos-x86_64 | 0.3.1 | 53.00 | NOTE | |||
r-release-windows-x86_64 | 0.3.1 | 30.00 | 103.00 | 133.00 | OK | |
r-oldrel-macos-arm64 | 0.3.1 | 50.00 | NOTE | |||
r-oldrel-macos-x86_64 | 0.3.1 | 47.00 | NOTE | |||
r-oldrel-windows-ix86+x86_64 | 0.3.1 | 24.00 | 107.00 | 131.00 | OK |
Version: 0.3.1
Check: dependencies in R code
Result: NOTE
Namespaces in Imports field not imported from:
‘bookdown’ ‘rmarkdown’ ‘table1’
All declared Imports should be used.
Flavors: r-devel-linux-x86_64-fedora-clang, r-devel-linux-x86_64-fedora-gcc, r-release-macos-arm64, r-release-macos-x86_64, r-oldrel-macos-arm64, r-oldrel-macos-x86_64