Last updated on 2025-02-22 12:50:48 CET.
Flavor | Version | Tinstall | Tcheck | Ttotal | Status | Flags |
---|---|---|---|---|---|---|
r-devel-linux-x86_64-debian-clang | 1.3.0 | 71.95 | 265.39 | 337.34 | OK | |
r-devel-linux-x86_64-debian-gcc | 1.3.0 | 55.07 | 176.72 | 231.79 | OK | |
r-devel-linux-x86_64-fedora-clang | 1.3.0 | 514.77 | OK | |||
r-devel-linux-x86_64-fedora-gcc | 1.3.0 | 510.63 | OK | |||
r-devel-macos-arm64 | 1.3.0 | 126.00 | OK | |||
r-devel-macos-x86_64 | 1.3.0 | 246.00 | OK | |||
r-devel-windows-x86_64 | 1.3.0 | 81.00 | 276.00 | 357.00 | OK | |
r-patched-linux-x86_64 | 1.3.0 | 77.74 | 227.28 | 305.02 | OK | |
r-release-linux-x86_64 | 1.3.0 | 78.76 | 222.87 | 301.63 | OK | |
r-release-macos-arm64 | 1.3.0 | 129.00 | NOTE | |||
r-release-macos-x86_64 | 1.3.0 | 275.00 | NOTE | |||
r-release-windows-x86_64 | 1.3.0 | 81.00 | 271.00 | 352.00 | OK | |
r-oldrel-macos-arm64 | 1.3.0 | 135.00 | NOTE | |||
r-oldrel-macos-x86_64 | 1.3.0 | 208.00 | NOTE | |||
r-oldrel-windows-x86_64 | 1.3.0 | 100.00 | 347.00 | 447.00 | OK |
Version: 1.3.0
Check: installed package size
Result: NOTE
installed size is 6.7Mb
sub-directories of 1Mb or more:
extdata 1.0Mb
libs 4.5Mb
Flavors: r-release-macos-arm64, r-release-macos-x86_64, r-oldrel-macos-arm64, r-oldrel-macos-x86_64