Last updated on 2024-04-24 02:53:12 CEST.
Flavor | Version | Tinstall | Tcheck | Ttotal | Status | Flags |
---|---|---|---|---|---|---|
r-devel-linux-x86_64-debian-clang | 2.0.0 | 75.57 | 405.14 | 480.71 | OK | |
r-devel-linux-x86_64-debian-gcc | 2.0.0 | 60.64 | 283.36 | 344.00 | OK | |
r-devel-linux-x86_64-fedora-clang | 2.0.0 | 578.69 | OK | |||
r-devel-linux-x86_64-fedora-gcc | 2.0.0 | 567.71 | OK | |||
r-prerel-macos-arm64 | 2.0.0 | 150.00 | OK | |||
r-prerel-macos-x86_64 | 2.0.0 | 498.00 | OK | |||
r-prerel-windows-x86_64 | 2.0.0 | 57.00 | 255.00 | 312.00 | OK | |
r-patched-linux-x86_64 | 2.0.0 | 69.04 | 382.61 | 451.65 | OK | |
r-release-linux-x86_64 | 2.0.0 | 68.47 | 373.19 | 441.66 | OK | |
r-release-macos-arm64 | 2.0.0 | 152.00 | NOTE | |||
r-release-macos-x86_64 | 2.0.0 | 438.00 | NOTE | |||
r-release-windows-x86_64 | 2.0.0 | 81.00 | 345.00 | 426.00 | OK | |
r-oldrel-macos-arm64 | 2.0.0 | 145.00 | NOTE | |||
r-oldrel-windows-x86_64 | 2.0.0 | 84.00 | 341.00 | 425.00 | OK |
Version: 2.0.0
Check: installed package size
Result: NOTE
installed size is 5.3Mb
sub-directories of 1Mb or more:
data 5.0Mb
Flavors: r-release-macos-arm64, r-release-macos-x86_64, r-oldrel-macos-arm64