Last updated on 2023-04-02 06:50:42 CEST.
Flavor | Version | Tinstall | Tcheck | Ttotal | Status | Flags |
---|---|---|---|---|---|---|
r-devel-linux-x86_64-debian-clang | 4.23.1-2 | 149.42 | 206.16 | 355.58 | NOTE | |
r-devel-linux-x86_64-debian-gcc | 4.23.1-2 | 132.86 | 147.69 | 280.55 | NOTE | |
r-devel-linux-x86_64-fedora-clang | 4.23.1-2 | 492.53 | NOTE | |||
r-devel-linux-x86_64-fedora-gcc | 4.23.1-2 | 469.46 | NOTE | |||
r-devel-windows-x86_64 | 4.23.1-2 | 135.00 | 289.00 | 424.00 | NOTE | |
r-patched-linux-x86_64 | 4.23.1-2 | 141.97 | 184.43 | 326.40 | NOTE | |
r-release-linux-x86_64 | 4.23.1-2 | 134.47 | 186.51 | 320.98 | NOTE | |
r-release-macos-arm64 | 4.23.1-2 | 99.00 | NOTE | |||
r-release-macos-x86_64 | 4.23.1-2 | 137.00 | NOTE | |||
r-release-windows-x86_64 | 4.23.1-2 | 175.00 | 300.00 | 475.00 | NOTE | |
r-oldrel-macos-arm64 | 4.23.1-2 | 97.00 | NOTE | |||
r-oldrel-macos-x86_64 | 4.23.1-2 | 136.00 | NOTE | |||
r-oldrel-windows-ix86+x86_64 | 4.23.1-2 | 346.00 | 314.00 | 660.00 | NOTE |
Version: 4.23.1-2
Check: C++ specification
Result: NOTE
Specified C++11: please drop specification unless essential
Flavors: r-devel-linux-x86_64-debian-clang, r-devel-linux-x86_64-debian-gcc, r-devel-linux-x86_64-fedora-clang, r-devel-linux-x86_64-fedora-gcc, r-devel-windows-x86_64, r-patched-linux-x86_64
Version: 4.23.1-2
Check: for GNU extensions in Makefiles
Result: NOTE
GNU make is a SystemRequirements.
Flavors: r-devel-linux-x86_64-debian-clang, r-devel-linux-x86_64-debian-gcc, r-devel-linux-x86_64-fedora-clang, r-devel-linux-x86_64-fedora-gcc, r-devel-windows-x86_64, r-patched-linux-x86_64, r-release-linux-x86_64, r-release-macos-arm64, r-release-macos-x86_64, r-release-windows-x86_64, r-oldrel-macos-arm64, r-oldrel-macos-x86_64, r-oldrel-windows-ix86+x86_64
Version: 4.23.1-2
Check: installed package size
Result: NOTE
installed size is 11.6Mb
sub-directories of 1Mb or more:
doc 7.8Mb
libs 2.9Mb
Flavors: r-devel-linux-x86_64-fedora-clang, r-devel-windows-x86_64, r-release-macos-arm64, r-release-macos-x86_64, r-release-windows-x86_64, r-oldrel-macos-arm64, r-oldrel-macos-x86_64, r-oldrel-windows-ix86+x86_64