Last updated on 2023-12-05 12:50:20 CET.
Flavor | Version | Tinstall | Tcheck | Ttotal | Status | Flags |
---|---|---|---|---|---|---|
r-devel-linux-x86_64-debian-clang | 1.0.0.10 | 102.73 | 51.43 | 154.16 | NOTE | |
r-devel-linux-x86_64-debian-gcc | 1.0.0.10 | 72.25 | 40.37 | 112.62 | NOTE | |
r-devel-linux-x86_64-fedora-clang | 1.0.0.10 | 237.80 | NOTE | |||
r-devel-linux-x86_64-fedora-gcc | 1.0.0.10 | 223.69 | NOTE | |||
r-devel-windows-x86_64 | 1.0.0.10 | 80.00 | 86.00 | 166.00 | NOTE | |
r-patched-linux-x86_64 | 1.0.0.10 | 94.00 | 50.34 | 144.34 | NOTE | |
r-release-linux-x86_64 | 1.0.0.10 | 91.89 | 50.45 | 142.34 | NOTE | |
r-release-macos-arm64 | 1.0.0.10 | 57.00 | NOTE | |||
r-release-macos-x86_64 | 1.0.0.10 | 80.00 | NOTE | |||
r-release-windows-x86_64 | 1.0.0.10 | 103.00 | 96.00 | 199.00 | NOTE | |
r-oldrel-macos-arm64 | 1.0.0.10 | 50.00 | OK | |||
r-oldrel-macos-x86_64 | 1.0.0.10 | 70.00 | OK | |||
r-oldrel-windows-x86_64 | 1.0.0.10 | 100.00 | 96.00 | 196.00 | OK |
Version: 1.0.0.10
Check: C++ specification
Result: NOTE
Specified C++11: please drop specification unless essential
Flavors: r-devel-linux-x86_64-debian-clang, r-devel-linux-x86_64-debian-gcc, r-devel-linux-x86_64-fedora-clang, r-devel-linux-x86_64-fedora-gcc, r-devel-windows-x86_64, r-patched-linux-x86_64, r-release-linux-x86_64, r-release-macos-arm64, r-release-macos-x86_64, r-release-windows-x86_64