Last updated on 2023-03-26 21:54:47 CEST.
Flavor | Version | Tinstall | Tcheck | Ttotal | Status | Flags |
---|---|---|---|---|---|---|
r-devel-linux-x86_64-debian-clang | 2.1.0 | 14.36 | 113.48 | 127.84 | NOTE | |
r-devel-linux-x86_64-debian-gcc | 2.1.0 | 13.21 | 86.94 | 100.15 | NOTE | |
r-devel-linux-x86_64-fedora-clang | 2.1.0 | 163.27 | NOTE | |||
r-devel-linux-x86_64-fedora-gcc | 2.1.0 | 163.11 | OK | |||
r-patched-linux-x86_64 | 2.1.0 | 17.56 | 108.16 | 125.72 | NOTE | |
r-release-linux-x86_64 | 2.1.0 | 13.33 | 105.09 | 118.42 | NOTE | |
r-release-macos-arm64 | 2.1.0 | 38.00 | NOTE | |||
r-release-macos-x86_64 | 2.1.0 | 62.00 | NOTE | |||
r-release-windows-x86_64 | 2.1.0 | 52.00 | 148.00 | 200.00 | NOTE | |
r-oldrel-macos-arm64 | 2.1.0 | 42.00 | NOTE | |||
r-oldrel-macos-x86_64 | 2.1.0 | 68.00 | NOTE | |||
r-oldrel-windows-ix86+x86_64 | 2.1.0 | 27.00 | 138.00 | 165.00 | NOTE |
Version: 2.1.0
Check: package dependencies
Result: NOTE
Package suggested but not available for checking: ‘INLA’
Flavors: r-devel-linux-x86_64-debian-clang, r-devel-linux-x86_64-debian-gcc, r-patched-linux-x86_64, r-release-linux-x86_64, r-release-macos-arm64, r-release-macos-x86_64, r-release-windows-x86_64, r-oldrel-macos-arm64, r-oldrel-macos-x86_64
Version: 2.1.0
Check: installed package size
Result: NOTE
installed size is 5.7Mb
sub-directories of 1Mb or more:
R 1.7Mb
doc 2.4Mb
help 1.4Mb
Flavors: r-devel-linux-x86_64-fedora-clang, r-release-macos-arm64, r-release-macos-x86_64, r-release-windows-x86_64, r-oldrel-macos-arm64, r-oldrel-macos-x86_64, r-oldrel-windows-ix86+x86_64