Last updated on 2024-04-23 12:49:40 CEST.
Flavor | Version | Tinstall | Tcheck | Ttotal | Status | Flags |
---|---|---|---|---|---|---|
r-devel-linux-x86_64-debian-clang | 1.4.0 | 80.40 | 77.75 | 158.15 | NOTE | |
r-devel-linux-x86_64-debian-gcc | 1.4.0 | 64.20 | 57.27 | 121.47 | NOTE | |
r-devel-linux-x86_64-fedora-clang | 1.4.0 | 245.81 | NOTE | |||
r-devel-linux-x86_64-fedora-gcc | 1.4.0 | 255.37 | NOTE | |||
r-prerel-macos-arm64 | 1.4.0 | 74.00 | NOTE | |||
r-prerel-windows-x86_64 | 1.4.0 | 71.00 | 94.00 | 165.00 | NOTE | |
r-patched-linux-x86_64 | 1.4.0 | 80.91 | 71.49 | 152.40 | NOTE | |
r-release-linux-x86_64 | 1.4.0 | 80.67 | 71.10 | 151.77 | NOTE | |
r-release-macos-arm64 | 1.4.0 | 77.00 | NOTE | |||
r-release-macos-x86_64 | 1.4.0 | 118.00 | NOTE | |||
r-release-windows-x86_64 | 1.4.0 | 85.00 | 113.00 | 198.00 | NOTE | |
r-oldrel-macos-arm64 | 1.4.0 | 64.00 | NOTE | |||
r-oldrel-windows-x86_64 | 1.4.0 | 84.00 | 109.00 | 193.00 | NOTE |
Version: 1.4.0
Check: C++ specification
Result: NOTE
Specified C++11: please drop specification unless essential
Flavors: r-devel-linux-x86_64-debian-clang, r-devel-linux-x86_64-debian-gcc, r-devel-linux-x86_64-fedora-clang, r-devel-linux-x86_64-fedora-gcc, r-prerel-macos-arm64, r-prerel-windows-x86_64, r-patched-linux-x86_64, r-release-linux-x86_64, r-release-macos-arm64, r-release-macos-x86_64, r-release-windows-x86_64
Version: 1.4.0
Check: Rd files
Result: NOTE
checkRd: (-1) psel.Rd:83: Lost braces; missing escapes or markup?
83 | For example, a \code{top=1} preference selection on the tuples {(a=1, b=1), (a=1, b=2)}
| ^
Flavors: r-devel-linux-x86_64-debian-clang, r-devel-linux-x86_64-debian-gcc, r-devel-linux-x86_64-fedora-clang, r-devel-linux-x86_64-fedora-gcc, r-prerel-macos-arm64, r-prerel-windows-x86_64, r-patched-linux-x86_64
Version: 1.4.0
Check: for GNU extensions in Makefiles
Result: NOTE
GNU make is a SystemRequirements.
Flavors: r-devel-linux-x86_64-debian-clang, r-devel-linux-x86_64-debian-gcc, r-devel-linux-x86_64-fedora-clang, r-devel-linux-x86_64-fedora-gcc, r-prerel-macos-arm64, r-prerel-windows-x86_64, r-patched-linux-x86_64, r-release-linux-x86_64, r-release-macos-arm64, r-release-macos-x86_64, r-release-windows-x86_64, r-oldrel-macos-arm64, r-oldrel-windows-x86_64