Last updated on 2023-04-01 07:10:50 CEST.
Flavor | Version | Tinstall | Tcheck | Ttotal | Status | Flags |
---|---|---|---|---|---|---|
r-devel-linux-x86_64-debian-clang | 0.2.2 | 8.32 | 58.75 | 67.07 | NOTE | |
r-devel-linux-x86_64-debian-gcc | 0.2.2 | 5.98 | 44.59 | 50.57 | NOTE | |
r-devel-linux-x86_64-fedora-clang | 0.2.2 | 82.39 | NOTE | |||
r-devel-linux-x86_64-fedora-gcc | 0.2.2 | 87.34 | NOTE | |||
r-devel-windows-x86_64 | 0.2.2 | 27.00 | 0.00 | 27.00 | NOTE | |
r-patched-linux-x86_64 | 0.2.2 | 7.18 | 54.16 | 61.34 | NOTE | |
r-release-linux-x86_64 | 0.2.2 | 6.21 | 58.38 | 64.59 | NOTE | |
r-release-macos-arm64 | 0.2.2 | 31.00 | NOTE | |||
r-release-macos-x86_64 | 0.2.2 | 50.00 | NOTE | |||
r-release-windows-x86_64 | 0.2.2 | 14.00 | 99.00 | 113.00 | NOTE | |
r-oldrel-macos-arm64 | 0.2.2 | 34.00 | NOTE | |||
r-oldrel-macos-x86_64 | 0.2.2 | 53.00 | NOTE | |||
r-oldrel-windows-ix86+x86_64 | 0.2.2 | 18.00 | 89.00 | 107.00 | NOTE |
Version: 0.2.2
Check: LazyData
Result: NOTE
'LazyData' is specified without a 'data' directory
Flavors: r-devel-linux-x86_64-debian-clang, r-devel-linux-x86_64-debian-gcc, r-devel-linux-x86_64-fedora-clang, r-devel-linux-x86_64-fedora-gcc, r-devel-windows-x86_64, r-patched-linux-x86_64, r-release-linux-x86_64, r-release-macos-arm64, r-release-macos-x86_64, r-release-windows-x86_64, r-oldrel-macos-arm64, r-oldrel-macos-x86_64, r-oldrel-windows-ix86+x86_64