CRAN Package Check Results for Package rNeighborQTL

Last updated on 2023-09-29 12:57:08 CEST.

Flavor Version Tinstall Tcheck Ttotal Status Flags
r-devel-linux-x86_64-debian-clang 1.1.2 8.59 157.04 165.63 OK
r-devel-linux-x86_64-debian-gcc 1.1.2 7.74 118.72 126.46 OK
r-devel-linux-x86_64-fedora-clang 1.1.2 201.65 NOTE
r-devel-linux-x86_64-fedora-gcc 1.1.2 211.80 NOTE
r-devel-windows-x86_64 1.1.2 9.00 150.00 159.00 OK
r-patched-linux-x86_64 1.1.2 7.78 152.90 160.68 OK
r-release-linux-x86_64 1.1.2 9.93 151.56 161.49 OK
r-release-macos-arm64 1.1.2 84.00 OK
r-release-macos-x86_64 1.1.2 152.00 OK
r-release-windows-x86_64 1.1.2 11.00 164.00 175.00 OK
r-oldrel-macos-arm64 1.1.2 63.00 NOTE
r-oldrel-macos-x86_64 1.1.2 110.00 NOTE
r-oldrel-windows-x86_64 1.1.2 12.00 167.00 179.00 OK

Check Details

Version: 1.1.2
Check: dependencies in R code
Result: NOTE
    Namespace in Imports field not imported from: ‘qtl’
     All declared Imports should be used.
Flavors: r-devel-linux-x86_64-fedora-clang, r-devel-linux-x86_64-fedora-gcc, r-oldrel-macos-arm64, r-oldrel-macos-x86_64