CRAN Package Check Results for Package rLTP

Last updated on 2025-04-30 06:51:29 CEST.

Flavor Version Tinstall Tcheck Ttotal Status Flags
r-devel-linux-x86_64-debian-clang 0.1.4 3.80 23.66 27.46 NOTE
r-devel-linux-x86_64-debian-gcc 0.1.4 2.58 19.05 21.63 NOTE
r-devel-linux-x86_64-fedora-clang 0.1.4 44.78 OK
r-devel-linux-x86_64-fedora-gcc 0.1.4 40.12 OK
r-devel-windows-x86_64 0.1.4 7.00 46.00 53.00 OK
r-patched-linux-x86_64 0.1.4 3.57 22.93 26.50 OK
r-release-linux-x86_64 0.1.4 3.19 22.69 25.88 OK
r-release-macos-arm64 0.1.4 20.00 OK
r-release-macos-x86_64 0.1.4 48.00 OK
r-release-windows-x86_64 0.1.4 8.00 50.00 58.00 OK
r-oldrel-macos-arm64 0.1.4 17.00 NOTE
r-oldrel-macos-x86_64 0.1.4 43.00 NOTE
r-oldrel-windows-x86_64 0.1.4 9.00 45.00 54.00 NOTE

Check Details

Version: 0.1.4
Check: CRAN incoming feasibility
Result: NOTE Maintainer: ‘Tong He <hetong007@gmail.com>’ No Authors@R field in DESCRIPTION. Please add one, modifying Authors@R: c(person(given = "Tong", family = "He", role = c("aut", "cre"), email = "hetong007@gmail.com"), person(given = "Oliver", family = "Keyes", role = "ctb")) as necessary. The Description field contains in Chinese (http://www.ltp-cloud.com/). Please enclose URLs in angle brackets (<...>). Flavors: r-devel-linux-x86_64-debian-clang, r-devel-linux-x86_64-debian-gcc

Version: 0.1.4
Check: LazyData
Result: NOTE 'LazyData' is specified without a 'data' directory Flavors: r-oldrel-macos-arm64, r-oldrel-macos-x86_64, r-oldrel-windows-x86_64