CRAN Package Check Results for Package rKIN

Last updated on 2020-08-11 21:48:38 CEST.

Flavor Version Tinstall Tcheck Ttotal Status Flags
r-devel-linux-x86_64-debian-clang 0.1 6.49 61.99 68.48 NOTE
r-devel-linux-x86_64-debian-gcc 0.1 5.46 47.22 52.68 NOTE
r-devel-linux-x86_64-fedora-clang 0.1 86.16 OK
r-devel-linux-x86_64-fedora-gcc 0.1 78.04 OK
r-devel-windows-ix86+x86_64 0.1 19.00 143.00 162.00 NOTE
r-patched-linux-x86_64 0.1 6.48 59.47 65.95 NOTE
r-patched-solaris-x86 0.1 119.20 OK
r-release-linux-x86_64 0.1 5.46 58.98 64.44 NOTE
r-release-macos-x86_64 0.1 OK
r-release-windows-ix86+x86_64 0.1 26.00 131.00 157.00 NOTE
r-oldrel-macos-x86_64 0.1 OK
r-oldrel-windows-ix86+x86_64 0.1 19.00 88.00 107.00 OK

Check Details

Version: 0.1
Check: package vignettes
Result: NOTE
    Package vignette with placeholder title 'Vignette Title':
     'rKIN_Introduction.Rmd'
Flavors: r-devel-linux-x86_64-debian-clang, r-devel-linux-x86_64-debian-gcc, r-devel-windows-ix86+x86_64, r-patched-linux-x86_64, r-release-linux-x86_64, r-release-windows-ix86+x86_64