CRAN Package Check Results for Package rGroovy

Last updated on 2025-04-30 21:52:57 CEST.

Flavor Version Tinstall Tcheck Ttotal Status Flags
r-devel-linux-x86_64-debian-clang 1.3 2.96 31.99 34.95 NOTE
r-devel-linux-x86_64-debian-gcc 1.3 2.14 24.59 26.73 NOTE
r-devel-linux-x86_64-fedora-clang 1.3 57.90 OK
r-devel-linux-x86_64-fedora-gcc 1.3 52.62 OK
r-devel-windows-x86_64 1.3 3.00 57.00 60.00 OK
r-patched-linux-x86_64 1.3 3.10 30.73 33.83 OK
r-release-linux-x86_64 1.3 2.83 30.77 33.60 OK
r-release-macos-arm64 1.3 21.00 OK
r-release-macos-x86_64 1.3 36.00 OK
r-release-windows-x86_64 1.3 3.00 60.00 63.00 OK
r-oldrel-macos-arm64 1.3 19.00 OK
r-oldrel-macos-x86_64 1.3 29.00 OK
r-oldrel-windows-x86_64 1.3 4.00 56.00 60.00 OK

Check Details

Version: 1.3
Check: CRAN incoming feasibility
Result: NOTE Maintainer: ‘Thomas P. Fuller <thomas.fuller@coherentlogic.com>’ No Authors@R field in DESCRIPTION. Please add one, modifying Authors@R: person(given = c("Thomas", "P."), family = "Fuller", role = c("aut", "cre"), email = "thomas.fuller@coherentlogic.com") as necessary. Flavors: r-devel-linux-x86_64-debian-clang, r-devel-linux-x86_64-debian-gcc