CRAN Package Check Results for Package rFDSN

Last updated on 2021-02-26 21:49:12 CET.

Flavor Version Tinstall Tcheck Ttotal Status Flags
r-devel-linux-x86_64-debian-clang 0.0.0 2.90 30.49 33.39 NOTE
r-devel-linux-x86_64-debian-gcc 0.0.0 2.38 24.21 26.59 NOTE
r-devel-linux-x86_64-fedora-clang 0.0.0 51.33 NOTE
r-devel-linux-x86_64-fedora-gcc 0.0.0 41.01 NOTE
r-devel-windows-ix86+x86_64 0.0.0 6.00 40.00 46.00 NOTE
r-patched-linux-x86_64 0.0.0 3.04 30.04 33.08 NOTE
r-patched-solaris-x86 0.0.0 62.30 NOTE
r-release-linux-x86_64 0.0.0 2.70 30.23 32.93 NOTE
r-release-macos-x86_64 0.0.0 NOTE
r-release-windows-ix86+x86_64 0.0.0 5.00 39.00 44.00 NOTE
r-oldrel-macos-x86_64 0.0.0 NOTE
r-oldrel-windows-ix86+x86_64 0.0.0 4.00 35.00 39.00 NOTE

Check Details

Version: 0.0.0
Check: R code for possible problems
Result: NOTE
    FDSNGetTimeSeries: no visible global function definition for
     'download.file'
    Undefined global functions or variables:
     download.file
    Consider adding
     importFrom("utils", "download.file")
    to your NAMESPACE file.
Flavors: r-devel-linux-x86_64-debian-clang, r-devel-linux-x86_64-debian-gcc, r-devel-linux-x86_64-fedora-clang, r-devel-linux-x86_64-fedora-gcc, r-devel-windows-ix86+x86_64, r-patched-linux-x86_64, r-patched-solaris-x86, r-release-linux-x86_64, r-release-macos-x86_64, r-release-windows-ix86+x86_64, r-oldrel-macos-x86_64, r-oldrel-windows-ix86+x86_64