CRAN Package Check Results for Package rENA

Last updated on 2022-07-05 21:53:17 CEST.

Flavor Version Tinstall Tcheck Ttotal Status Flags
r-devel-linux-x86_64-debian-clang 0.2.4 42.20 137.24 179.44 NOTE
r-devel-linux-x86_64-debian-gcc 0.2.4 38.53 100.98 139.51 NOTE
r-devel-linux-x86_64-fedora-clang 0.2.4 218.83 NOTE
r-devel-linux-x86_64-fedora-gcc 0.2.4 205.67 NOTE
r-devel-windows-x86_64 0.2.4 69.00 152.00 221.00 NOTE
r-patched-linux-x86_64 0.2.4 31.58 122.87 154.45 OK
r-release-linux-x86_64 0.2.4 30.65 121.27 151.92 OK
r-release-macos-arm64 0.2.4 51.00 OK
r-release-macos-x86_64 0.2.4 86.00 OK
r-release-windows-x86_64 0.2.4 57.00 157.00 214.00 OK
r-oldrel-macos-arm64 0.2.4 57.00 OK
r-oldrel-macos-x86_64 0.2.4 65.00 OK
r-oldrel-windows-ix86+x86_64 0.2.4 107.00 209.00 316.00 OK

Check Details

Version: 0.2.4
Check: Rd files
Result: NOTE
    checkRd: (-1) ena.plot.group.Rd:44: Escaped LaTeX specials: \$
    checkRd: (-1) ena.plot.group.Rd:46: Escaped LaTeX specials: \$
    checkRd: (-1) ena.plot.group.Rd:48: Escaped LaTeX specials: \$
    checkRd: (-1) ena.plot.trajectory.Rd:38: Escaped LaTeX specials: \$
    checkRd: (-1) ena.plot.trajectory.Rd:40: Escaped LaTeX specials: \$
    checkRd: (-1) ena.plot.trajectory.Rd:42: Escaped LaTeX specials: \$
Flavors: r-devel-linux-x86_64-debian-clang, r-devel-linux-x86_64-debian-gcc, r-devel-linux-x86_64-fedora-clang, r-devel-linux-x86_64-fedora-gcc, r-devel-windows-x86_64