Last updated on 2024-04-19 03:56:33 CEST.
Flavor | Version | Tinstall | Tcheck | Ttotal | Status | Flags |
---|---|---|---|---|---|---|
r-devel-linux-x86_64-debian-clang | 1.15.4 | 220.79 | 86.84 | 307.63 | OK | |
r-devel-linux-x86_64-debian-gcc | 1.15.4 | 180.55 | 69.30 | 249.85 | OK | |
r-devel-linux-x86_64-fedora-clang | 1.15.4 | 455.34 | OK | |||
r-devel-linux-x86_64-fedora-gcc | 1.15.4 | 482.78 | OK | |||
r-prerel-macos-arm64 | 1.15.4 | 126.00 | NOTE | |||
r-prerel-macos-x86_64 | 1.15.4 | 153.00 | NOTE | |||
r-prerel-windows-x86_64 | 1.15.4 | 144.00 | 192.00 | 336.00 | OK | |
r-patched-linux-x86_64 | 1.15.4 | 226.22 | 86.31 | 312.53 | OK | |
r-release-linux-x86_64 | 1.15.4 | 224.31 | 83.87 | 308.18 | OK | |
r-release-macos-arm64 | 1.15.4 | 102.00 | NOTE | |||
r-release-macos-x86_64 | 1.15.4 | 152.00 | NOTE | |||
r-release-windows-x86_64 | 1.15.4 | 188.00 | 207.00 | 395.00 | OK | |
r-oldrel-macos-arm64 | 1.15.4 | 109.00 | NOTE | |||
r-oldrel-windows-x86_64 | 1.15.4 | 177.00 | 202.00 | 379.00 | OK |
Version: 1.15.4
Check: installed package size
Result: NOTE
installed size is 11.9Mb
sub-directories of 1Mb or more:
libs 11.1Mb
Flavors: r-prerel-macos-arm64, r-prerel-macos-x86_64, r-release-macos-arm64, r-release-macos-x86_64, r-oldrel-macos-arm64