CRAN Package Check Results for Package rEDM

Last updated on 2022-01-20 20:50:45 CET.

Flavor Version Tinstall Tcheck Ttotal Status Flags
r-devel-linux-x86_64-debian-clang 1.10.0 OK
r-devel-linux-x86_64-debian-gcc 1.10.0 145.34 87.23 232.57 OK
r-devel-linux-x86_64-fedora-clang 1.10.0 435.62 NOTE
r-devel-linux-x86_64-fedora-gcc 1.10.0 407.09 OK
r-devel-windows-x86_64-new-UL 1.10.0 170.00 272.00 442.00 OK
r-devel-windows-x86_64-new-TK 1.10.0 OK
r-patched-linux-x86_64 1.10.0 168.10 93.08 261.18 OK
r-release-linux-x86_64 1.10.0 171.81 92.71 264.52 OK
r-release-macos-arm64 1.10.0 NOTE
r-release-macos-x86_64 1.10.0 NOTE
r-release-windows-ix86+x86_64 1.10.0 396.00 269.00 665.00 NOTE
r-oldrel-macos-x86_64 1.10.0 NOTE
r-oldrel-windows-ix86+x86_64 1.10.0 397.00 268.00 665.00 NOTE

Check Details

Version: 1.10.0
Check: installed package size
Result: NOTE
     installed size is 12.6Mb
     sub-directories of 1Mb or more:
     libs 11.5Mb
Flavors: r-devel-linux-x86_64-fedora-clang, r-release-macos-arm64, r-release-macos-x86_64, r-release-windows-ix86+x86_64, r-oldrel-macos-x86_64, r-oldrel-windows-ix86+x86_64