Last updated on 2024-03-28 12:50:44 CET.
Flavor | Version | Tinstall | Tcheck | Ttotal | Status | Flags |
---|---|---|---|---|---|---|
r-devel-linux-x86_64-debian-clang | 1.2.0 | 15.92 | 145.85 | 161.77 | NOTE | |
r-devel-linux-x86_64-debian-gcc | 1.2.0 | 15.08 | 106.88 | 121.96 | NOTE | |
r-devel-linux-x86_64-fedora-clang | 1.2.0 | 200.15 | NOTE | |||
r-devel-linux-x86_64-fedora-gcc | 1.2.0 | 190.92 | NOTE | |||
r-devel-windows-x86_64 | 1.2.0 | 16.00 | 592.00 | 608.00 | NOTE | |
r-patched-linux-x86_64 | 1.2.0 | 12.70 | 136.69 | 149.39 | NOTE | |
r-release-linux-x86_64 | 1.2.0 | 12.96 | 137.56 | 150.52 | OK | |
r-release-macos-arm64 | 1.2.0 | 55.00 | OK | |||
r-release-macos-x86_64 | 1.2.0 | 136.00 | OK | |||
r-release-windows-x86_64 | 1.2.0 | 22.00 | 323.00 | 345.00 | OK | |
r-oldrel-macos-arm64 | 1.2.0 | 58.00 | OK | |||
r-oldrel-windows-x86_64 | 1.2.0 | 24.00 | 654.00 | 678.00 | OK |
Version: 1.2.0
Check: Rd files
Result: NOTE
checkRd: (-1) hetTgen.Rd:16: Lost braces; missing escapes or markup?
16 | \item{info.type}{character. \code{AD}: allele depth value, {AD-tot}:total
| ^
Flavors: r-devel-linux-x86_64-debian-clang, r-devel-linux-x86_64-debian-gcc, r-devel-linux-x86_64-fedora-clang, r-devel-linux-x86_64-fedora-gcc, r-devel-windows-x86_64, r-patched-linux-x86_64