Last updated on 2023-12-02 12:48:28 CET.
Flavor | Version | Tinstall | Tcheck | Ttotal | Status | Flags |
---|---|---|---|---|---|---|
r-devel-linux-x86_64-debian-clang | 1.6.0 | 11.49 | 81.69 | 93.18 | OK | |
r-devel-linux-x86_64-debian-gcc | 1.6.0 | 9.45 | 61.87 | 71.32 | OK | |
r-devel-linux-x86_64-fedora-clang | 1.6.0 | 115.73 | NOTE | |||
r-devel-linux-x86_64-fedora-gcc | 1.6.0 | 109.09 | OK | |||
r-devel-windows-x86_64 | 1.6.0 | 13.00 | 84.00 | 97.00 | NOTE | |
r-patched-linux-x86_64 | 1.6.0 | 9.06 | 77.85 | 86.91 | OK | |
r-release-linux-x86_64 | 1.6.0 | 7.28 | 78.50 | 85.78 | OK | |
r-release-macos-arm64 | 1.6.0 | 35.00 | NOTE | |||
r-release-macos-x86_64 | 1.6.0 | 53.00 | NOTE | |||
r-release-windows-x86_64 | 1.6.0 | 17.00 | 96.00 | 113.00 | NOTE | |
r-oldrel-macos-arm64 | 1.6.0 | 34.00 | NOTE | |||
r-oldrel-macos-x86_64 | 1.6.0 | 45.00 | NOTE | |||
r-oldrel-windows-x86_64 | 1.6.0 | 18.00 | 91.00 | 109.00 | NOTE |
Version: 1.6.0
Check: installed package size
Result: NOTE
installed size is 11.5Mb
sub-directories of 1Mb or more:
htmlwidgets 10.0Mb
super-tiny-icons 1.0Mb
Flavors: r-devel-linux-x86_64-fedora-clang, r-devel-windows-x86_64, r-release-macos-arm64, r-release-macos-x86_64, r-release-windows-x86_64, r-oldrel-macos-arm64, r-oldrel-macos-x86_64, r-oldrel-windows-x86_64