Last updated on 2023-04-01 21:54:18 CEST.
Flavor | Version | Tinstall | Tcheck | Ttotal | Status | Flags |
---|---|---|---|---|---|---|
r-devel-linux-x86_64-debian-clang | 2.1.15 | 18.90 | 270.59 | 289.49 | OK | |
r-devel-linux-x86_64-debian-gcc | 2.1.15 | 14.17 | 144.53 | 158.70 | OK | |
r-devel-linux-x86_64-fedora-clang | 2.1.15 | 282.74 | NOTE | |||
r-devel-linux-x86_64-fedora-gcc | 2.1.15 | 237.30 | OK | |||
r-devel-windows-x86_64 | 2.1.15 | 63.00 | 252.00 | 315.00 | NOTE | |
r-patched-linux-x86_64 | 2.1.15 | 18.25 | 182.45 | 200.70 | OK | |
r-release-linux-x86_64 | 2.1.15 | 16.71 | 146.26 | 162.97 | OK | |
r-release-macos-arm64 | 2.1.15 | 56.00 | NOTE | |||
r-release-macos-x86_64 | 2.1.15 | 74.00 | NOTE | |||
r-release-windows-x86_64 | 2.1.15 | 474.00 | 244.00 | 718.00 | NOTE | |
r-oldrel-macos-arm64 | 2.1.15 | 55.00 | NOTE | |||
r-oldrel-macos-x86_64 | 2.1.15 | 76.00 | NOTE | |||
r-oldrel-windows-ix86+x86_64 | 2.1.15 | 35.00 | 176.00 | 211.00 | NOTE |
Version: 2.1.15
Check: installed package size
Result: NOTE
installed size is 12.2Mb
sub-directories of 1Mb or more:
api 3.2Mb
htmlwidgets 7.2Mb
Flavors: r-devel-linux-x86_64-fedora-clang, r-devel-windows-x86_64, r-release-macos-arm64, r-release-macos-x86_64, r-release-windows-x86_64, r-oldrel-macos-arm64, r-oldrel-macos-x86_64, r-oldrel-windows-ix86+x86_64