CRAN Package Check Results for Package r6methods

Last updated on 2022-09-28 12:55:26 CEST.

Flavor Version Tinstall Tcheck Ttotal Status Flags
r-devel-linux-x86_64-debian-clang 0.1.0 6.10 62.98 69.08 NOTE
r-devel-linux-x86_64-debian-gcc 0.1.0 4.54 47.03 51.57 NOTE
r-devel-linux-x86_64-fedora-clang 0.1.0 96.35 NOTE
r-devel-linux-x86_64-fedora-gcc 0.1.0 89.80 NOTE
r-devel-windows-x86_64 0.1.0 21.00 87.00 108.00 NOTE
r-patched-linux-x86_64 0.1.0 6.21 59.74 65.95 NOTE
r-release-linux-x86_64 0.1.0 5.43 57.53 62.96 NOTE
r-release-macos-arm64 0.1.0 25.00 NOTE
r-release-macos-x86_64 0.1.0 50.00 NOTE
r-release-windows-x86_64 0.1.0 19.00 89.00 108.00 NOTE
r-oldrel-macos-arm64 0.1.0 27.00 NOTE
r-oldrel-macos-x86_64 0.1.0 39.00 NOTE
r-oldrel-windows-ix86+x86_64 0.1.0 17.00 86.00 103.00 NOTE

Check Details

Version: 0.1.0
Check: LazyData
Result: NOTE
     'LazyData' is specified without a 'data' directory
Flavors: r-devel-linux-x86_64-debian-clang, r-devel-linux-x86_64-debian-gcc, r-devel-linux-x86_64-fedora-clang, r-devel-linux-x86_64-fedora-gcc, r-devel-windows-x86_64, r-patched-linux-x86_64, r-release-linux-x86_64, r-release-macos-arm64, r-release-macos-x86_64, r-release-windows-x86_64, r-oldrel-macos-arm64, r-oldrel-macos-x86_64, r-oldrel-windows-ix86+x86_64