Last updated on 2022-06-25 12:54:31 CEST.
Flavor | Version | Tinstall | Tcheck | Ttotal | Status | Flags |
---|---|---|---|---|---|---|
r-devel-linux-x86_64-debian-clang | 1.44.0 | 52.54 | 245.39 | 297.93 | OK | |
r-devel-linux-x86_64-debian-gcc | 1.44.0 | 42.69 | 174.56 | 217.25 | OK | |
r-devel-linux-x86_64-fedora-clang | 1.44.0 | 400.52 | NOTE | |||
r-devel-linux-x86_64-fedora-gcc | 1.44.0 | 360.81 | NOTE | |||
r-devel-windows-x86_64 | 1.44.0 | 85.00 | 231.00 | 316.00 | OK | |
r-patched-linux-x86_64 | 1.44.0 | 41.59 | 233.07 | 274.66 | OK | |
r-release-linux-x86_64 | 1.44.0 | 43.49 | 232.39 | 275.88 | OK | |
r-release-macos-arm64 | 1.44.0 | 107.00 | OK | |||
r-release-macos-x86_64 | 1.44.0 | 106.00 | OK | |||
r-release-windows-x86_64 | 1.44.0 | 90.00 | 227.00 | 317.00 | OK | |
r-oldrel-macos-arm64 | 1.44.0 | 88.00 | OK | |||
r-oldrel-macos-x86_64 | 1.44.0 | 103.00 | OK | |||
r-oldrel-windows-ix86+x86_64 | 1.44.0 | 90.00 | 243.00 | 333.00 | OK |
Version: 1.44.0
Check: package dependencies
Result: NOTE
Suggests orphaned package: ‘gtools’
Flavors: r-devel-linux-x86_64-fedora-clang, r-devel-linux-x86_64-fedora-gcc