CRAN Package Check Results for Package r2pmml

Last updated on 2020-08-11 12:50:10 CEST.

Flavor Version Tinstall Tcheck Ttotal Status Flags
r-devel-linux-x86_64-debian-clang 0.24.0 2.60 23.88 26.48 OK
r-devel-linux-x86_64-debian-gcc 0.24.0 2.07 18.65 20.72 NOTE
r-devel-linux-x86_64-fedora-clang 0.24.0 40.50 OK
r-devel-linux-x86_64-fedora-gcc 0.24.0 30.12 OK
r-devel-windows-ix86+x86_64 0.24.0 8.00 45.00 53.00 OK
r-patched-linux-x86_64 0.24.0 2.55 23.71 26.26 OK
r-patched-solaris-x86 0.24.0 48.80 OK
r-release-linux-x86_64 0.24.0 2.23 23.64 25.87 NOTE
r-release-macos-x86_64 0.24.0 OK
r-release-windows-ix86+x86_64 0.24.0 10.00 36.00 46.00 OK
r-oldrel-macos-x86_64 0.24.0 OK
r-oldrel-windows-ix86+x86_64 0.24.0 5.00 44.00 49.00 OK

Check Details

Version: 0.24.0
Check: package dependencies
Result: NOTE
    Package suggested but not available for checking: ‘caret’
Flavors: r-devel-linux-x86_64-debian-gcc, r-release-linux-x86_64