CRAN Package Check Results for Package r2d2

Last updated on 2023-03-29 03:53:12 CEST.

Flavor Version Tinstall Tcheck Ttotal Status Flags
r-devel-linux-x86_64-debian-clang 1.0.1 2.40 38.32 40.72 OK
r-devel-linux-x86_64-debian-gcc 1.0.1 2.67 29.87 32.54 OK
r-devel-linux-x86_64-fedora-clang 1.0.1 52.02 NOTE
r-devel-linux-x86_64-fedora-gcc 1.0.1 48.99 OK
r-devel-windows-x86_64 1.0.1 14.00 0.00 14.00 OK
r-patched-linux-x86_64 1.0.1 2.70 37.08 39.78 OK
r-release-linux-x86_64 1.0.1 3.21 38.66 41.87 OK
r-release-macos-arm64 1.0.1 41.00 OK
r-release-macos-x86_64 1.0.1 48.00 OK
r-release-windows-x86_64 1.0.1 13.00 75.00 88.00 OK
r-oldrel-macos-arm64 1.0.1 38.00 OK
r-oldrel-macos-x86_64 1.0.1 47.00 OK
r-oldrel-windows-ix86+x86_64 1.0.1 8.00 69.00 77.00 WARN

Check Details

Version: 1.0.1
Check: Rd cross-references
Result: NOTE
    Undeclared package ‘gplots’ in Rd xrefs
Flavor: r-devel-linux-x86_64-fedora-clang

Version: 1.0.1
Check: PDF version of manual
Result: WARN
    LaTeX errors when creating PDF version.
    This typically indicates Rd problems.
    LaTeX errors found:
    ! pdfTeX error (ext4): \pdfendlink ended up in different nesting level than \pd
    fstartlink.
    \AtBegShi@Output ...ipout \box \AtBeginShipoutBox
     \fi \fi
    l.1 \begin{theindex}
    ! ==> Fatal error occurred, no output PDF file produced!
Flavor: r-oldrel-windows-ix86+x86_64