CRAN Package Check Results for Package r2d2

Last updated on 2024-04-23 12:49:38 CEST.

Flavor Version Tinstall Tcheck Ttotal Status Flags
r-devel-linux-x86_64-debian-clang 1.0.1 3.56 38.10 41.66 NOTE
r-devel-linux-x86_64-debian-gcc 1.0.1 2.26 29.91 32.17 NOTE
r-devel-linux-x86_64-fedora-clang 1.0.1 52.77 NOTE
r-devel-linux-x86_64-fedora-gcc 1.0.1 50.38 NOTE
r-prerel-macos-arm64 1.0.1 21.00 NOTE
r-prerel-windows-x86_64 1.0.1 3.00 55.00 58.00 NOTE
r-patched-linux-x86_64 1.0.1 3.15 38.00 41.15 NOTE
r-release-linux-x86_64 1.0.1 3.56 37.82 41.38 OK
r-release-macos-arm64 1.0.1 22.00 OK
r-release-macos-x86_64 1.0.1 30.00 OK
r-release-windows-x86_64 1.0.1 4.00 58.00 62.00 OK
r-oldrel-macos-arm64 1.0.1 22.00 OK
r-oldrel-windows-x86_64 1.0.1 5.00 62.00 67.00 OK

Check Details

Version: 1.0.1
Check: Rd files
Result: NOTE checkRd: (-1) conf2d.Rd:64: Lost braces; missing escapes or markup? 64 | compute a smooth surface from \code{x} and {y}. If users already have | ^ Flavors: r-devel-linux-x86_64-debian-clang, r-devel-linux-x86_64-debian-gcc, r-devel-linux-x86_64-fedora-clang, r-devel-linux-x86_64-fedora-gcc, r-prerel-macos-arm64, r-prerel-windows-x86_64, r-patched-linux-x86_64

Version: 1.0.1
Check: Rd cross-references
Result: NOTE Undeclared package ‘gplots’ in Rd xrefs Flavor: r-devel-linux-x86_64-fedora-clang