CRAN Package Check Results for Package quickReg

Last updated on 2024-06-16 21:52:14 CEST.

Flavor Version Tinstall Tcheck Ttotal Status Flags
r-devel-linux-x86_64-debian-clang 1.5.0 7.40 89.96 97.36 NOTE
r-devel-linux-x86_64-debian-gcc 1.5.0 5.18 66.39 71.57 NOTE
r-devel-linux-x86_64-fedora-clang 1.5.0 123.33 NOTE
r-devel-linux-x86_64-fedora-gcc 1.5.0 128.08 NOTE
r-devel-windows-x86_64 1.5.0 7.00 82.00 89.00 NOTE
r-patched-linux-x86_64 1.5.0 8.05 84.34 92.39 NOTE
r-release-linux-x86_64 1.5.0 5.80 86.82 92.62 NOTE
r-release-macos-arm64 1.5.0 43.00 NOTE
r-release-macos-x86_64 1.5.0 68.00 NOTE
r-release-windows-x86_64 1.5.0 7.00 84.00 91.00 NOTE
r-oldrel-macos-arm64 1.5.0 43.00 OK
r-oldrel-macos-x86_64 1.5.0 69.00 OK
r-oldrel-windows-x86_64 1.5.0 8.00 97.00 105.00 OK

Check Details

Version: 1.5.0
Check: Rd files
Result: NOTE checkRd: (-1) display_table.Rd:37: Lost braces; missing escapes or markup? 37 | \item{normtest}{A character indicating test of normality, the default method is \code{\link{shapiro.test}} when sample size no more than 5000, otherwise \code{\link[nortest]{lillie.test}} {Kolmogorov-Smirnov} is used, see package \strong{nortest} for more methods.Use 'shapiro.test', 'lillie.test', 'ad.test', etc to specify methods.} | ^ Flavors: r-devel-linux-x86_64-debian-clang, r-devel-linux-x86_64-debian-gcc, r-devel-linux-x86_64-fedora-clang, r-devel-linux-x86_64-fedora-gcc, r-devel-windows-x86_64, r-patched-linux-x86_64, r-release-linux-x86_64, r-release-macos-arm64, r-release-macos-x86_64, r-release-windows-x86_64

Version: 1.5.0
Check: dependencies in R code
Result: NOTE Namespace in Imports field not imported from: ‘psych’ All declared Imports should be used. Flavors: r-devel-linux-x86_64-fedora-clang, r-devel-linux-x86_64-fedora-gcc

Version: 1.5.0
Check: Rd cross-references
Result: NOTE Undeclared package ‘PredictABEL’ in Rd xrefs Flavor: r-devel-linux-x86_64-fedora-clang