Last updated on 2023-12-08 20:55:20 CET.
Flavor | Version | Tinstall | Tcheck | Ttotal | Status | Flags |
---|---|---|---|---|---|---|
r-devel-linux-x86_64-debian-clang | 1.5.0 | 7.01 | 87.54 | 94.55 | NOTE | |
r-devel-linux-x86_64-debian-gcc | 1.5.0 | 4.95 | 64.78 | 69.73 | NOTE | |
r-devel-linux-x86_64-fedora-clang | 1.5.0 | 115.84 | NOTE | |||
r-devel-linux-x86_64-fedora-gcc | 1.5.0 | 118.83 | NOTE | |||
r-devel-windows-x86_64 | 1.5.0 | 7.00 | 81.00 | 88.00 | OK | |
r-patched-linux-x86_64 | 1.5.0 | 5.50 | 82.65 | 88.15 | OK | |
r-release-linux-x86_64 | 1.5.0 | 6.49 | 79.91 | 86.40 | OK | |
r-release-macos-arm64 | 1.5.0 | 43.00 | OK | |||
r-release-macos-x86_64 | 1.5.0 | 69.00 | OK | |||
r-release-windows-x86_64 | 1.5.0 | 8.00 | 95.00 | 103.00 | OK | |
r-oldrel-macos-arm64 | 1.5.0 | 37.00 | NOTE | |||
r-oldrel-macos-x86_64 | 1.5.0 | 71.00 | NOTE | |||
r-oldrel-windows-x86_64 | 1.5.0 | 9.00 | 98.00 | 107.00 | OK |
Version: 1.5.0
Check: Rd files
Result: NOTE
checkRd: (-1) display_table.Rd:37: Lost braces; missing escapes or markup?
37 | \item{normtest}{A character indicating test of normality, the default method is \code{\link{shapiro.test}} when sample size no more than 5000, otherwise \code{\link[nortest]{lillie.test}} {Kolmogorov-Smirnov} is used, see package \strong{nortest} for more methods.Use 'shapiro.test', 'lillie.test', 'ad.test', etc to specify methods.}
| ^
Flavors: r-devel-linux-x86_64-debian-clang, r-devel-linux-x86_64-debian-gcc
Version: 1.5.0
Check: dependencies in R code
Result: NOTE
Namespace in Imports field not imported from: ‘psych’
All declared Imports should be used.
Flavors: r-devel-linux-x86_64-fedora-clang, r-devel-linux-x86_64-fedora-gcc, r-oldrel-macos-arm64, r-oldrel-macos-x86_64
Version: 1.5.0
Check: Rd cross-references
Result: NOTE
Undeclared package ‘PredictABEL’ in Rd xrefs
Flavor: r-devel-linux-x86_64-fedora-clang