Last updated on 2025-04-30 12:49:13 CEST.
Flavor | Version | Tinstall | Tcheck | Ttotal | Status | Flags |
---|---|---|---|---|---|---|
r-devel-linux-x86_64-debian-clang | 1.2-4 | 25.26 | 159.88 | 185.14 | NOTE | |
r-devel-linux-x86_64-debian-gcc | 1.2-4 | 17.98 | 110.69 | 128.67 | OK | |
r-devel-linux-x86_64-fedora-clang | 1.2-4 | 301.28 | OK | |||
r-devel-linux-x86_64-fedora-gcc | 1.2-4 | 300.73 | OK | |||
r-devel-windows-x86_64 | 1.2-4 | 30.00 | 219.00 | 249.00 | OK | |
r-patched-linux-x86_64 | 1.2-4 | 27.44 | 150.47 | 177.91 | OK | |
r-release-linux-x86_64 | 1.2-4 | 25.19 | 150.92 | 176.11 | OK | |
r-release-macos-arm64 | 1.2-4 | 106.00 | OK | |||
r-release-macos-x86_64 | 1.2-4 | 200.00 | OK | |||
r-release-windows-x86_64 | 1.2-4 | 30.00 | 214.00 | 244.00 | OK | |
r-oldrel-macos-arm64 | 1.2-4 | 94.00 | OK | |||
r-oldrel-macos-x86_64 | 1.2-4 | 208.00 | OK | |||
r-oldrel-windows-x86_64 | 1.2-4 | 38.00 | 254.00 | 292.00 | OK |
Version: 1.2-4
Check: examples
Result: NOTE
Examples with CPU (user + system) or elapsed time > 5s
user system elapsed
QRegEstimator-constructor 0.829 0.008 5.509
Flavor: r-devel-linux-x86_64-debian-clang