Last updated on 2023-09-23 21:52:54 CEST.
Flavor | Version | Tinstall | Tcheck | Ttotal | Status | Flags |
---|---|---|---|---|---|---|
r-devel-linux-x86_64-debian-clang | 0.1.0 | 2.94 | 59.62 | 62.56 | NOTE | |
r-devel-linux-x86_64-debian-gcc | 0.1.0 | 2.29 | 44.77 | 47.06 | NOTE | |
r-devel-linux-x86_64-fedora-clang | 0.1.0 | 75.87 | NOTE | |||
r-devel-linux-x86_64-fedora-gcc | 0.1.0 | 75.04 | NOTE | |||
r-devel-windows-x86_64 | 0.1.0 | 5.00 | 65.00 | 70.00 | NOTE | |
r-patched-linux-x86_64 | 0.1.0 | 3.30 | 57.59 | 60.89 | NOTE | |
r-release-linux-x86_64 | 0.1.0 | 3.58 | 57.64 | 61.22 | NOTE | |
r-release-macos-arm64 | 0.1.0 | 26.00 | NOTE | |||
r-release-macos-x86_64 | 0.1.0 | 43.00 | NOTE | |||
r-release-windows-x86_64 | 0.1.0 | 5.00 | 72.00 | 77.00 | NOTE | |
r-oldrel-macos-arm64 | 0.1.0 | 28.00 | NOTE | |||
r-oldrel-macos-x86_64 | 0.1.0 | 51.00 | NOTE | |||
r-oldrel-windows-x86_64 | 0.1.0 | 5.00 | 77.00 | 82.00 | NOTE |
Version: 0.1.0
Check: LazyData
Result: NOTE
'LazyData' is specified without a 'data' directory
Flavors: r-devel-linux-x86_64-debian-clang, r-devel-linux-x86_64-debian-gcc, r-devel-linux-x86_64-fedora-clang, r-devel-linux-x86_64-fedora-gcc, r-devel-windows-x86_64, r-patched-linux-x86_64, r-release-linux-x86_64, r-release-macos-arm64, r-release-macos-x86_64, r-release-windows-x86_64, r-oldrel-macos-arm64, r-oldrel-macos-x86_64, r-oldrel-windows-x86_64