Last updated on 2024-04-17 21:56:06 CEST.
Flavor | Version | Tinstall | Tcheck | Ttotal | Status | Flags |
---|---|---|---|---|---|---|
r-devel-linux-x86_64-debian-clang | 0.9.7 | 82.71 | 272.09 | 354.80 | OK | |
r-devel-linux-x86_64-debian-gcc | 0.9.7 | 73.30 | 212.61 | 285.91 | OK | |
r-devel-linux-x86_64-fedora-clang | 0.9.7 | 461.06 | NOTE | |||
r-devel-linux-x86_64-fedora-gcc | 0.9.7 | 530.79 | NOTE | |||
r-prerel-macos-arm64 | 0.9.7 | 152.00 | NOTE | |||
r-prerel-macos-x86_64 | 0.9.7 | 450.00 | NOTE | |||
r-prerel-windows-x86_64 | 0.9.7 | 69.00 | 258.00 | 327.00 | NOTE | |
r-patched-linux-x86_64 | 0.9.6 | 26.85 | 2.55 | 29.40 | ERROR | |
r-release-linux-x86_64 | 0.9.7 | 83.37 | 267.61 | 350.98 | OK | |
r-release-macos-arm64 | 0.9.7 | 155.00 | NOTE | |||
r-release-macos-x86_64 | 0.9.7 | 369.00 | NOTE | |||
r-release-windows-x86_64 | 0.9.7 | 62.00 | 263.00 | 325.00 | NOTE | |
r-oldrel-macos-arm64 | 0.9.7 | 155.00 | NOTE | |||
r-oldrel-windows-x86_64 | 0.9.7 | 86.00 | 312.00 | 398.00 | NOTE |
Version: 0.9.7
Check: data for non-ASCII characters
Result: NOTE
Note: found 35707 marked UTF-8 strings
Flavors: r-devel-linux-x86_64-fedora-clang, r-devel-linux-x86_64-fedora-gcc
Version: 0.9.7
Check: installed package size
Result: NOTE
installed size is 7.3Mb
sub-directories of 1Mb or more:
data 3.8Mb
libs 3.1Mb
Flavors: r-prerel-macos-arm64, r-prerel-macos-x86_64, r-prerel-windows-x86_64, r-release-macos-arm64, r-release-macos-x86_64, r-release-windows-x86_64, r-oldrel-macos-arm64, r-oldrel-windows-x86_64
Version: 0.9.6
Check: whether package can be installed
Result: ERROR
Installation failed.
Flavor: r-patched-linux-x86_64