Last updated on 2025-04-22 03:49:42 CEST.
Flavor | Version | Tinstall | Tcheck | Ttotal | Status | Flags |
---|---|---|---|---|---|---|
r-devel-linux-x86_64-debian-clang | 4.2.0 | 161.68 | 260.88 | 422.56 | NOTE | |
r-devel-linux-x86_64-debian-gcc | 4.2.0 | 121.11 | 180.55 | 301.66 | NOTE | |
r-devel-linux-x86_64-fedora-clang | 4.2.0 | 722.81 | NOTE | |||
r-devel-linux-x86_64-fedora-gcc | 4.2.0 | 751.42 | NOTE | |||
r-devel-windows-x86_64 | 4.2.0 | 219.00 | 311.00 | 530.00 | NOTE | |
r-patched-linux-x86_64 | 4.2.0 | 168.61 | 250.03 | 418.64 | NOTE | |
r-release-linux-x86_64 | 4.2.0 | 172.84 | 250.62 | 423.46 | NOTE | |
r-release-macos-arm64 | 4.2.0 | 182.00 | NOTE | |||
r-release-macos-x86_64 | 4.2.0 | 307.00 | NOTE | |||
r-release-windows-x86_64 | 4.2.0 | 217.00 | 303.00 | 520.00 | NOTE | |
r-oldrel-macos-arm64 | 4.2.0 | 179.00 | NOTE | |||
r-oldrel-macos-x86_64 | 4.2.0 | 350.00 | NOTE | |||
r-oldrel-windows-x86_64 | 4.2.0 | 248.00 | 390.00 | 638.00 | OK |
Version: 4.2.0
Check: DESCRIPTION meta-information
Result: NOTE
Missing dependency on R >= 4.1.0 because package code uses the pipe
|> or function shorthand \(...) syntax added in R 4.1.0.
File(s) using such syntax:
‘char_select.R’ ‘char_select.Rd’ ‘convert-wrappers.Rd’ ‘convert.Rd’
‘corpus-addsummary-metadata.R’ ‘corpus_sample.Rd’ ‘dfm.Rd’
‘dfm_select.Rd’ ‘dfm_tfidf.Rd’ ‘dictionary.Rd’ ‘docfreq.Rd’
‘docnames.Rd’ ‘index.Rd’ ‘nsentence.Rd’ ‘tokens_compound.Rd’
‘tokens_replace.Rd’ ‘tokens_sample.Rd’ ‘tokens_split.Rd’
‘topfeatures.Rd’
Flavors: r-devel-linux-x86_64-debian-clang, r-devel-linux-x86_64-debian-gcc, r-devel-linux-x86_64-fedora-clang, r-devel-linux-x86_64-fedora-gcc, r-devel-windows-x86_64, r-patched-linux-x86_64, r-release-linux-x86_64, r-release-macos-arm64, r-release-macos-x86_64, r-release-windows-x86_64
Version: 4.2.0
Check: installed package size
Result: NOTE
installed size is 9.2Mb
sub-directories of 1Mb or more:
libs 6.8Mb
Flavors: r-oldrel-macos-arm64, r-oldrel-macos-x86_64