CRAN Package Check Results for Package quantdr

Last updated on 2024-05-26 21:49:25 CEST.

Flavor Version Tinstall Tcheck Ttotal Status Flags
r-devel-linux-x86_64-debian-clang 1.2.2 3.14 70.27 73.41 NOTE
r-devel-linux-x86_64-debian-gcc 1.2.2 2.14 53.52 55.66 NOTE
r-devel-linux-x86_64-fedora-clang 1.2.2 96.10 NOTE
r-devel-linux-x86_64-fedora-gcc 1.2.2 106.23 NOTE
r-devel-windows-x86_64 1.2.2 3.00 67.00 70.00 NOTE
r-patched-linux-x86_64 1.2.2 3.05 65.66 68.71 NOTE
r-release-linux-x86_64 1.2.2 2.90 68.30 71.20 NOTE
r-release-macos-arm64 1.2.2 30.00 NOTE
r-release-windows-x86_64 1.2.2 3.00 68.00 71.00 NOTE
r-oldrel-macos-arm64 1.2.2 36.00 OK
r-oldrel-macos-x86_64 1.2.2 56.00 OK
r-oldrel-windows-x86_64 1.2.2 4.00 83.00 87.00 OK

Check Details

Version: 1.2.2
Check: Rd files
Result: NOTE checkRd: (-1) cqs.Rd:30-31: Lost braces in \itemize; \value handles \item{}{} directly checkRd: (-1) cqs.Rd:33-35: Lost braces in \itemize; \value handles \item{}{} directly checkRd: (-1) cqs.Rd:37-45: Lost braces in \itemize; \value handles \item{}{} directly checkRd: (-1) llqr.Rd:35-36: Lost braces in \itemize; \value handles \item{}{} directly checkRd: (-1) llqr.Rd:38-41: Lost braces in \itemize; \value handles \item{}{} directly Flavors: r-devel-linux-x86_64-debian-clang, r-devel-linux-x86_64-debian-gcc, r-devel-linux-x86_64-fedora-clang, r-devel-linux-x86_64-fedora-gcc, r-devel-windows-x86_64, r-patched-linux-x86_64, r-release-linux-x86_64, r-release-macos-arm64, r-release-windows-x86_64