CRAN Package Check Results for Package qualypsoss

Last updated on 2023-03-28 12:54:50 CEST.

Flavor Version Tinstall Tcheck Ttotal Status Flags
r-devel-linux-x86_64-debian-clang 1.1.1 8.71 288.18 296.89 OK
r-devel-linux-x86_64-debian-gcc 1.1.1 6.67 181.34 188.01 OK
r-devel-linux-x86_64-fedora-clang 1.1.1 358.87 NOTE
r-devel-linux-x86_64-fedora-gcc 1.1.1 323.48 NOTE
r-patched-linux-x86_64 1.1.1 7.93 231.47 239.40 OK
r-release-linux-x86_64 1.1.1 5.27 233.67 238.94 OK
r-release-macos-arm64 1.1.1 118.00 NOTE
r-release-macos-x86_64 1.1.1 215.00 NOTE
r-release-windows-x86_64 1.1.1 43.00 320.00 363.00 OK
r-oldrel-macos-arm64 1.1.1 109.00 NOTE
r-oldrel-macos-x86_64 1.1.1 211.00 NOTE
r-oldrel-windows-ix86+x86_64 1.1.1 19.00 431.00 450.00 OK

Check Details

Version: 1.1.1
Check: dependencies in R code
Result: NOTE
    Namespaces in Imports field not imported from:
     ‘doParallel’ ‘foreach’
     All declared Imports should be used.
Flavors: r-devel-linux-x86_64-fedora-clang, r-devel-linux-x86_64-fedora-gcc, r-release-macos-arm64, r-release-macos-x86_64, r-oldrel-macos-arm64, r-oldrel-macos-x86_64