Last updated on 2023-12-06 12:53:44 CET.
Flavor | Version | Tinstall | Tcheck | Ttotal | Status | Flags |
---|---|---|---|---|---|---|
r-devel-linux-x86_64-debian-clang | 3.1.7 | 8.78 | 79.58 | 88.36 | NOTE | |
r-devel-linux-x86_64-debian-gcc | 3.1.7 | 6.14 | 58.46 | 64.60 | NOTE | |
r-devel-linux-x86_64-fedora-clang | 3.1.7 | 110.08 | NOTE | |||
r-devel-linux-x86_64-fedora-gcc | 3.1.7 | 119.10 | NOTE | |||
r-devel-windows-x86_64 | 3.1.7 | 9.00 | 82.00 | 91.00 | NOTE | |
r-patched-linux-x86_64 | 3.1.7 | 6.39 | 73.77 | 80.16 | OK | |
r-release-linux-x86_64 | 3.1.7 | 5.49 | 72.09 | 77.58 | OK | |
r-release-macos-arm64 | 3.1.7 | 41.00 | OK | |||
r-release-macos-x86_64 | 3.1.7 | 61.00 | OK | |||
r-release-windows-x86_64 | 3.1.7 | 11.00 | 89.00 | 100.00 | OK | |
r-oldrel-macos-arm64 | 3.1.7 | 40.00 | OK | |||
r-oldrel-macos-x86_64 | 3.1.7 | 50.00 | OK | |||
r-oldrel-windows-x86_64 | 3.1.7 | 11.00 | 90.00 | 101.00 | OK |
Version: 3.1.7
Check: Rd \usage sections
Result: NOTE
Documented arguments not in \usage in Rd file 'export_responses_filedownload.Rd':
‘requestID’
Functions with \usage entries need to have the appropriate \alias
entries, and all their arguments documented.
The \usage entries must correspond to syntactically valid R code.
See chapter ‘Writing R documentation files’ in the ‘Writing R
Extensions’ manual.
Flavors: r-devel-linux-x86_64-debian-clang, r-devel-linux-x86_64-debian-gcc, r-devel-linux-x86_64-fedora-clang, r-devel-linux-x86_64-fedora-gcc, r-devel-windows-x86_64