CRAN Package Check Results for Package qualmap

Last updated on 2024-06-14 02:54:13 CEST.

Flavor Version Tinstall Tcheck Ttotal Status Flags
r-devel-linux-x86_64-debian-clang 0.2.2 8.84 71.99 80.83 OK
r-devel-linux-x86_64-debian-gcc 0.2.2 0.51 1.77 2.28 ERROR
r-devel-linux-x86_64-fedora-clang 0.2.2 101.91 OK
r-devel-linux-x86_64-fedora-gcc 0.2.2 109.09 OK
r-devel-windows-x86_64 0.2.2 8.00 72.00 80.00 OK
r-patched-linux-x86_64 0.2.2 7.50 68.96 76.46 OK
r-release-linux-x86_64 0.2.2 7.74 69.11 76.85 OK
r-release-macos-arm64 0.2.2 37.00 OK
r-release-macos-x86_64 0.2.2 60.00 OK
r-release-windows-x86_64 0.2.2 9.00 73.00 82.00 OK
r-oldrel-macos-arm64 0.2.2 41.00 OK
r-oldrel-macos-x86_64 0.2.2 70.00 OK
r-oldrel-windows-x86_64 0.2.2 8.00 81.00 89.00 OK

Check Details

Version: 0.2.2
Check: package dependencies
Result: ERROR Packages required but not available: 'dplyr', 'purrr' Packages suggested but not available for checking: 'ggplot2', 'testthat', 'tigris', 'tidycensus' See section ‘The DESCRIPTION file’ in the ‘Writing R Extensions’ manual. Flavor: r-devel-linux-x86_64-debian-gcc